{"id":2850,"date":"2025-08-12T10:29:34","date_gmt":"2025-08-12T08:29:34","guid":{"rendered":"https:\/\/netzwerkrecherche.org\/helpline\/?page_id=2850"},"modified":"2025-11-25T09:33:30","modified_gmt":"2025-11-25T08:33:30","slug":"presseschau","status":"publish","type":"page","link":"https:\/\/netzwerkrecherche.org\/helpline\/presseschau\/","title":{"rendered":"Presseschau"},"content":{"rendered":"\n\n\t<p><\/p>\n\n<h1 class=\"wp-block-heading\">Let&#8217;s talk about&#8230; mentale Gesundheit im Journalismus!<\/h1>\n<p> <\/p>\n<p>Neben der Akuthilfe f\u00fcr die Betroffenen per Telefon m\u00f6chten wir mit der Helpline Aufmerksamkeit schaffen f\u00fcr das Thema mentale Gesundheit im Journalismus. Unser langfristiges Ziel ist es, dadurch einen Kulturwandel anzusto\u00dfen und die Stigmatisierung psychischer Probleme bei Journalist:innen zu beenden. Der erste Schritt ist gemacht. Die Debatte ist in vollem Gange, wie das gro\u00dfe mediale Interesse an der Helpline zeigt:<\/p>\n<p> <\/p>\n<h2 class=\"wp-block-heading\"><b>2025<\/b><\/h2>\n<p> <\/p>\n<ul class=\"wp-block-list\">\n<li>\n<ul>\n<li>\u201eAusruhen konnte man sich in dem Job noch nie&#8220; (<a href=\"https:\/\/www.journalist.de\/meinung\/meinungen-detail\/ausruhen-konnte-man-sich-in-dem-job-noch-nie\/\">journalist<\/a>)<\/li>\n<li>Stronger Minds, Stronger Media: Why protecting journalists&#8216; mental health is essential for journalism&#8217;s future (<a href=\"https:\/\/europeanjournalists.org\/blog\/2025\/10\/09\/stand-up-for-journalism-new-report-calls-for-stronger-mental-health-frameworks-in-media-organisations\/\">EFJ<\/a>)<\/li>\n<li>Medien zwischen Macht und Ohnmacht &#8211; Wie Journalismus Vertrauen zur\u00fcckgewinnen kann. (<a href=\"https:\/\/www.hirzel.de\/medien-zwischen-macht-und-ohnmacht\/9783777634036\">Hirzel Verlag<\/a>)<\/li>\n<li>Inside &#8218;Projekt Helpline&#8216;: Germany&#8217;s Mental Health Phoneline for Journalists (<a href=\"https:\/\/gijn.org\/stories\/inside-projekt-helpline-germanys-mental-health-phoneline-for-journalists\/\">GIJN<\/a>)<\/li>\n<\/ul>\n<\/li>\n<\/ul>\n<p> <\/p>\n<ul>\n<li>\n<ul>\n<li>Nachwuchskrise im Journalismus: Wie wird der Job wieder attraktiver? (<a href=\"https:\/\/www.br.de\/mediathek\/podcast\/br24-medien\/nachwuchskrise-im-journalismus-wie-wird-der-job-wieder-attraktiver\/2109158\">BR24 Medien<\/a>)<\/li>\n<\/ul>\n<\/li>\n<\/ul>\n<p> <\/p>\n<ul>\n<li>\n<ul>\n<li>Zeitung ade: Warum junge Journalisten dann doch woanders arbeiten (<a href=\"https:\/\/www.deutschlandfunk.de\/zeitung-ade-warum-junge-journalisten-dann-doch-woanders-arbeiten-100.html\">DLF medias res<\/a>)<\/li>\n<\/ul>\n<\/li>\n<\/ul>\n<p> <\/p>\n<ul>\n<li>\n<ul>\n<li>Feindbild Journalist:in 9 (<a href=\"https:\/\/www.ecpmf.eu\/wp-content\/uploads\/2025\/04\/Feindbild-Journalist-2024.pdf\">ECPMF<\/a>)<\/li>\n<\/ul>\n<\/li>\n<\/ul>\n<p> <\/p>\n<ul>\n<li>\n<ul>\n<li>Journalisten im Fadenkreuz von Hate Speech (<a href=\"https:\/\/www.saechsische.de\/medien\/regional\/journalisten-im-fadenkreuz-von-hate-speech-ein-podcast-EHC23ETERBDVPM3UVTBQB7PMVQ.html\">S\u00e4chsiche Zeitung<\/a>)<\/li>\n<\/ul>\n<\/li>\n<\/ul>\n<p> <\/p>\n<ul>\n<li>\n<ul>\n<li>Journalismus unter Druck &#8211; \u201eWie viel kann ich aushalten?&#8220; (<a href=\"https:\/\/www.fachjournalist.de\/journalismus-unter-druck-wie-viel-kann-ich-aushalten-ueber-die-helpline-von-netzwerk-recherche\/\">Fachjournalist<\/a>)<\/li>\n<\/ul>\n<\/li>\n<\/ul>\n<p> <\/p>\n<ul>\n<li>\n<ul>\n<li>Wer hilft Journalist:innen bei mentalen Krisen? (<a href=\"https:\/\/www.dfjv.de\/publikationen\/fachjournalist\/unterstuetzungsangebote-journalisten-bei-stress-und-psychischer-belastung\">Fachjournalist<\/a>)<\/li>\n<\/ul>\n<\/li>\n<\/ul>\n<p> <\/p>\n<ul>\n<li>\n<ul>\n<li>5 Strategien f\u00fcr weniger Stress im Journalismus (<a href=\"https:\/\/www.bjv.de\/blog\/5-strategien-fuer-weniger-stress-im-journalismus\/\">BJV<\/a>)<\/li>\n<\/ul>\n<\/li>\n<\/ul>\n<p><\/p>\n<p> <\/p>\n<h2 class=\"wp-block-heading\"><b>2024<\/b><\/h2>\n<p> <\/p>\n<ul class=\"wp-block-list\">\n<li>\n<ul>\n<li>Helpline: Telefonhilfe f\u00fcr Journalisten (<a href=\"https:\/\/www1.wdr.de\/mediathek\/audio\/wdr5\/wdr5-toene-texte-bilder-interviews\/audio-helpline-telefonhilfe-fuer-journalisten-100.html\">WDR 5 T\u00f6ne, Texte, Bilder<\/a>)<\/li>\n<\/ul>\n<\/li>\n<\/ul>\n<p> <\/p>\n<ul>\n<li>\n<ul>\n<li>DAS! (<a href=\"https:\/\/www.ndr.de\/fernsehen\/sendungen\/das\/Emotionale-Entlastung-fuer-Journalisten-in-schwierigen-Zeiten,dasx37468.html\">NDR<\/a>)<\/li>\n<\/ul>\n<\/li>\n<\/ul>\n<p> <\/p>\n<ul>\n<li>\n<ul>\n<li>Mental Health &#8211; f\u00fcnf Tipps f\u00fcr Mentale Gesundheit im Journalismus (Medium Magazin)<\/li>\n<\/ul>\n<\/li>\n<\/ul>\n<p> <\/p>\n<ul>\n<li>\n<ul>\n<li>Ruf an, wir h\u00f6ren zu (DJV NRW Journal)<\/li>\n<\/ul>\n<\/li>\n<\/ul>\n<p> <\/p>\n<ul>\n<li>\n<ul>\n<li>Psychische Gesundheit im Journalismus: &#8222;Weg von Schamgef\u00fchlen und Stigmatisierung&#8220; (<a href=\"https:\/\/meedia.de\/news\/beitrag\/17949-psychische-gesundheit-im-journalismus-quot-weg-von-schamgefuehlen-und-stigmatisierung-quot.html\">Meedia<\/a>)<\/li>\n<\/ul>\n<\/li>\n<\/ul>\n<p> <\/p>\n<ul>\n<li>\n<ul>\n<li>5 Tipps, wie wir mental belastete Kolleginnen und Kollegen unterst\u00fctzen k\u00f6nnen (<a href=\"https:\/\/meedia.de\/news\/beitrag\/17951-5-tipps-wie-wir-mental-belastete-kolleginnen-und-kollegen-unterstuetzen-koennen.html\">Meedia<\/a>)<\/li>\n<\/ul>\n<\/li>\n<\/ul>\n<p> <\/p>\n<ul>\n<li>\n<ul>\n<li>\u201eDer Konkurrenzdruck ist manchmal gr\u00f6\u00dfer als der Teamgeist&#8220; (<a href=\"https:\/\/medieninsider.com\/helpline-netzwerk-recherche-interview\/22686\/\">Medieninsider<\/a>)<\/li>\n<\/ul>\n<\/li>\n<\/ul>\n<p> <\/p>\n<ul>\n<li>\n<ul>\n<li>Mit wem reden, wenn nichts mehr geht? (<a href=\"https:\/\/druckausgleich.podigee.io\/40-reden-hilft\">Druckausgleich<\/a>)<\/li>\n<\/ul>\n<\/li>\n<\/ul>\n<p> <\/p>\n<ul>\n<li>\n<ul>\n<li>Feindbild Journalist:in 9 (<a href=\"https:\/\/www.ecpmf.eu\/wp-content\/uploads\/2024\/04\/Feindbild-Journalist-2023.pdf\">ECPMF<\/a>)<\/li>\n<\/ul>\n<\/li>\n<\/ul>\n<p> <\/p>\n<ul>\n<li>\n<ul>\n<li>Arbeit im Haifischbecken (<a href=\"https:\/\/taz.de\/Mentale-Gesundheit-im-Journalismus\/!6001371\/\">taz<\/a>)<\/li>\n<\/ul>\n<\/li>\n<\/ul>\n<p> <\/p>\n<ul>\n<li>\n<ul>\n<li>Das Trauma der anderen (<a href=\"https:\/\/mmm.verdi.de\/m-print\/das-trauma-der-anderen-95899\/\">Menschen Machen Medien<\/a>)<\/li>\n<\/ul>\n<\/li>\n<\/ul>\n<p> <\/p>\n<ul>\n<li>\n<ul>\n<li>Helpline: Mental Health im Journalismus (<a href=\"https:\/\/soundcloud.com\/user-10380675\/mmm-helpline?si=a0c468e6dcfa43eda4929ce0585631bf&amp;utm_source=clipboard&amp;utm_medium=text&amp;utm_campaign=social_sharing\">M &#8211; Der Medienpodcast<\/a>)<\/li>\n<\/ul>\n<\/li>\n<\/ul>\n<p> <\/p>\n<ul>\n<li>\n<ul>\n<li>Tweets mit Abgr\u00fcnden (<a href=\"https:\/\/www.djv.de\/news\/blog\/blog-detail\/tweets-mit-abgruenden\/\">DJV<\/a>)<\/li>\n<\/ul>\n<\/li>\n<\/ul>\n<p> <\/p>\n<ul>\n<li>\n<ul>\n<li>Nahaufnahme: Depressionen unter Journalisten (<a href=\"http:\/\/kurt.digital\/2024\/02\/05\/nahaufnahme-depressionen-unter-journalisten\/\">KURT<\/a>)<\/li>\n<\/ul>\n<\/li>\n<\/ul>\n<p> <\/p>\n<ul>\n<li>\n<ul>\n<li>Helpline: \u201eIn vielen F\u00e4llen reicht es schon, zuzuh\u00f6ren&#8220; (<a href=\"https:\/\/freischreiber.de\/aktuelle\/helpline-in-vielen-faellen-reicht-es-schon-zuzuhoeren\/\">Freischreiber<\/a>)<\/li>\n<\/ul>\n<\/li>\n<\/ul>\n<p> <\/p>\n<ul>\n<li>\n<ul>\n<li>Nicht nur eine Frage von Selfcare (<a href=\"https:\/\/mmm.verdi.de\/beruf\/jt24-nicht-nur-eine-frage-von-selfcare-94681\">Menschen Machen Medien<\/a>)<\/li>\n<\/ul>\n<\/li>\n<\/ul>\n<p> <\/p>\n<ul>\n<li>\n<ul>\n<li>Wenn der Beruf krank macht (<a href=\"https:\/\/taz.de\/Mentale-Gesundheit-im-Journalismus\/!5985576\/\">taz<\/a>)<\/li>\n<\/ul>\n<\/li>\n<\/ul>\n<p><\/p>\n<p> <\/p>\n<h2 class=\"wp-block-heading\"><b>2023<\/b><\/h2>\n<p> <\/p>\n<ul class=\"wp-block-list\">\n<li>\n<ul>\n<li>Wenn der journalistische Alltag zur Belastung wird (<a href=\"https:\/\/www.djv-bawue.de\/im-djvbw-gespr%C3%A4ch-malte-werner-netzwerk-recherche-helpline-f%C3%BCr-journalistinnen\/\">DJV BW<\/a>)<\/li>\n<\/ul>\n<\/li>\n<\/ul>\n<p> <\/p>\n<ul>\n<li>\n<ul>\n<li>Mental health efforts become a globally connected movement (<a href=\"https:\/\/www.niemanlab.org\/2023\/12\/mental-health-efforts-become-a-globally-connected-movement\/\">Nieman Lab<\/a>)<\/li>\n<\/ul>\n<\/li>\n<\/ul>\n<p> <\/p>\n<ul>\n<li>\n<ul>\n<li>Nehmt Hilfe an! (<a href=\"https:\/\/hinterdenzeilen.de\/2023\/11\/38-nehmt-hilfe-an\/\">Hinter den Zeilen<\/a>)<\/li>\n<\/ul>\n<\/li>\n<\/ul>\n<p> <\/p>\n<ul>\n<li>\n<ul>\n<li>Journalismus gef\u00e4hrdet die Gesundheit: Stress in der Medienbranche nimmt zu (<a href=\"https:\/\/www.deutschlandfunk.de\/journalismus-gefaehrdet-die-gesundheit-stress-in-der-medienbranche-nimmt-zu-dlf-d020893f-100.html\">DLF medias res<\/a>)<\/li>\n<\/ul>\n<\/li>\n<\/ul>\n<p> <\/p>\n<ul>\n<li>\n<ul>\n<li>\u201eWir sind f\u00fcr dich da!&#8220; (<a href=\"https:\/\/journal-nrw.de\/wir-sind-fuer-dich-da\/\">DJV NRW<\/a>)<\/li>\n<\/ul>\n<\/li>\n<\/ul>\n<p> <\/p>\n<ul>\n<li>\n<ul>\n<li>Der Fl\u00e4chenbrand (<a href=\"https:\/\/www.journalist.de\/startseite\/detail\/article\/der-flaechenbrand\">journalist<\/a>)<\/li>\n<\/ul>\n<\/li>\n<\/ul>\n<p> <\/p>\n<ul>\n<li>\n<ul>\n<li>Tabubruch in den Redaktionen (<a href=\"https:\/\/taz.de\/Hilfetelefon-fuer-Journalistinnen\/!5900812\/\">taz<\/a>)<\/li>\n<\/ul>\n<\/li>\n<\/ul>\n<p> <\/p>\n<ul>\n<li>\n<ul>\n<li>Helpline f\u00fcr Journalisten mit psychosozialen Problemen kommt &#8211; F\u00f6rderung durch SZ (<a href=\"https:\/\/kress.de\/news\/detail\/beitrag\/150566-helpline-fuer-journalisten-mit-psychosozialen-problemen-kommt-foerderung-durch-sz.html\">Kress<\/a>)<\/li>\n<\/ul>\n<\/li>\n<\/ul>\n<p> <\/p>\n<ul>\n<li>\n<ul>\n<li>Helpline: S\u00fcddeutsche Zeitung unterst\u00fctzt Hilfsangebot f\u00fcr Journalist:innen mit psychosozialen Problemen (<a href=\"https:\/\/bildblog.de\/136819\/schlechte-jahresbilanz-rekordhoch-neues-hilfsangebot-helpline\/\">Bildblog<\/a>)<\/li>\n<\/ul>\n<\/li>\n<\/ul>\n<p> <\/p>\n<ul>\n<li>\n<ul>\n<li>Helpline: Hilfe f\u00fcr traumatisierte Journalist:innen (<a href=\"https:\/\/www.autorenwelt.de\/blog\/branchen-news\/helpline-hilfe-fuer-traumatisierte-journalistinnen\">Autorenwelt<\/a>)<\/li>\n<\/ul>\n<\/li>\n<\/ul>\n<p><\/p>\n<p><\/p>\n<h2>\n\t\t\tUnsere F\u00f6rderer\t<\/h2>\n\t\t\t\t<a href=\"http:\/\/www.kulturstaatsminister.de\"  target=\"_blank\" rel=\"noopener\"  itemprop=\"url\">\n\t\t\t\t<img decoding=\"async\" src=\"https:\/\/netzwerkrecherche.org\/helpline\/wp-content\/uploads\/sites\/16\/2025\/08\/20.png\" alt=\"20\" itemprop=\"image\" height=\"681\" width=\"1000\" title=\"20\" onerror=\"this.style.display='none'\" loading=\"lazy\" \/>\n\t\t\t\t<\/a>\n\t\t\t\t<img decoding=\"async\" src=\"https:\/\/netzwerkrecherche.org\/helpline\/wp-content\/uploads\/sites\/16\/2025\/08\/2.png\" alt=\"Der Spiegel unterst\u00fctzt die Helpline\" itemprop=\"image\" height=\"681\" width=\"1000\" title=\"Der Spiegel unterst\u00fctzt die Helpline\" onerror=\"this.style.display='none'\" loading=\"lazy\" \/>\n\t\t\t\t<img decoding=\"async\" src=\"https:\/\/netzwerkrecherche.org\/helpline\/wp-content\/uploads\/sites\/16\/2025\/08\/Partner-und-Foerderer-NR25.png\" alt=\"Die S\u00fcddeutsche Zeitung unterst\u00fctzt die Helpline\" itemprop=\"image\" height=\"681\" width=\"1000\" title=\"Die S\u00fcddeutsche Zeitung unterst\u00fctzt die Helpline\" onerror=\"this.style.display='none'\" loading=\"lazy\" \/>\n\t\t\t\t<img decoding=\"async\" src=\"https:\/\/netzwerkrecherche.org\/helpline\/wp-content\/uploads\/sites\/16\/2025\/08\/22.png\" alt=\"22\" itemprop=\"image\" height=\"681\" width=\"1000\" title=\"22\" onerror=\"this.style.display='none'\" loading=\"lazy\" \/>\n\t\t\t\t<img decoding=\"async\" src=\"https:\/\/netzwerkrecherche.org\/helpline\/wp-content\/uploads\/sites\/16\/2025\/08\/15.png\" alt=\"Der DJV unterst\u00fctzt die Helpline\" itemprop=\"image\" height=\"681\" width=\"1000\" title=\"Der DJV unterst\u00fctzt die Helpline\" onerror=\"this.style.display='none'\" loading=\"lazy\" \/>\n\t\t\t\t<img decoding=\"async\" src=\"https:\/\/netzwerkrecherche.org\/helpline\/wp-content\/uploads\/sites\/16\/2025\/08\/12.png\" alt=\"Die Friedrich Ebert Stiftung unterst\u00fctzt die Helpline\" itemprop=\"image\" height=\"681\" width=\"1000\" title=\"Die Friedrich Ebert Stiftung unterst\u00fctzt die Helpline\" onerror=\"this.style.display='none'\" loading=\"lazy\" \/>\n\t\t\t\t<img decoding=\"async\" src=\"https:\/\/netzwerkrecherche.org\/helpline\/wp-content\/uploads\/sites\/16\/2025\/08\/24.png\" alt=\"Die Presse Stiftung Baden-W\u00fcrttemberg unterst\u00fctzt die Helpline\" itemprop=\"image\" height=\"681\" width=\"1000\" title=\"Die Presse Stiftung Baden-W\u00fcrttemberg unterst\u00fctzt die Helpline\" onerror=\"this.style.display='none'\" loading=\"lazy\" \/>\n\t\t\t\t<img decoding=\"async\" src=\"https:\/\/netzwerkrecherche.org\/helpline\/wp-content\/uploads\/sites\/16\/2025\/08\/23.png\" alt=\"23\" itemprop=\"image\" height=\"681\" width=\"1000\" title=\"23\" onerror=\"this.style.display='none'\" loading=\"lazy\" \/>\n\t\t\t\t<img decoding=\"async\" src=\"https:\/\/netzwerkrecherche.org\/helpline\/wp-content\/uploads\/sites\/16\/2025\/08\/dart.png\" alt=\"Dart Centre Europe unterst\u00fctzt die Helpline\" itemprop=\"image\" height=\"681\" width=\"1000\" title=\"Dart Centre Europe unterst\u00fctzt die Helpline\" onerror=\"this.style.display='none'\" loading=\"lazy\" \/>\n<h2>\n\t\t\tUnterst\u00fctzt durch\t<\/h2>\n\t\t\t\t<img decoding=\"async\" src=\"https:\/\/netzwerkrecherche.org\/helpline\/wp-content\/uploads\/sites\/16\/2025\/08\/26.png\" alt=\"Die LMU unterst\u00fctzt die Helpline\" itemprop=\"image\" height=\"681\" width=\"1000\" title=\"Die LMU unterst\u00fctzt die Helpline\" onerror=\"this.style.display='none'\" loading=\"lazy\" \/>\n\t\t\t\t<img decoding=\"async\" src=\"https:\/\/netzwerkrecherche.org\/helpline\/wp-content\/uploads\/sites\/16\/2025\/08\/25.png\" alt=\"Das ifp unterst\u00fctzt die Helpline\" itemprop=\"image\" height=\"681\" width=\"1000\" title=\"Das ifp unterst\u00fctzt die Helpline\" onerror=\"this.style.display='none'\" loading=\"lazy\" \/>\n\t\t\t\t<img decoding=\"async\" src=\"https:\/\/netzwerkrecherche.org\/helpline\/wp-content\/uploads\/sites\/16\/2025\/08\/27.png\" alt=\"Der VBRG unterst\u00fctzt die Helpline\" itemprop=\"image\" height=\"681\" width=\"1000\" title=\"Der VBRG unterst\u00fctzt die Helpline\" onerror=\"this.style.display='none'\" loading=\"lazy\" \/>\n\t\t\t\t<img decoding=\"async\" src=\"https:\/\/netzwerkrecherche.org\/helpline\/wp-content\/uploads\/sites\/16\/2025\/08\/10.png\" alt=\"Die Freischreiber unterst\u00fctzen die Helpline\" itemprop=\"image\" height=\"681\" width=\"1000\" title=\"Die Freischreiber unterst\u00fctzen die Helpline\" onerror=\"this.style.display='none'\" loading=\"lazy\" \/>\n\t\t\t\t<img decoding=\"async\" src=\"https:\/\/netzwerkrecherche.org\/helpline\/wp-content\/uploads\/sites\/16\/2023\/03\/Hochschule-Fresesnius-Heidelberg-logo.png\" alt=\"Hochschule Fresesnius Heidelberg logo\" itemprop=\"image\" height=\"985\" width=\"2000\" title=\"Hochschule Fresesnius Heidelberg logo\" onerror=\"this.style.display='none'\" loading=\"lazy\" \/>\n\n","protected":false},"excerpt":{"rendered":"","protected":false},"author":27,"featured_media":2736,"parent":0,"menu_order":0,"comment_status":"closed","ping_status":"closed","template":"","meta":{"footnotes":""},"class_list":["post-2850","page","type-page","status-publish","has-post-thumbnail","hentry"],"yoast_head":"<!-- This site is optimized with the Yoast SEO plugin v27.4 - https:\/\/yoast.com\/product\/yoast-seo-wordpress\/ -->\n<title>Presseschau - Helpline<\/title>\n<meta name=\"description\" content=\"Hilfe bei psychischen Belastungen im Job: Die Helpline unterst\u00fctzt Journalist:innen, die unter Druck, Stress oder Angst leiden 030\/7543 7633\" \/>\n<meta name=\"robots\" content=\"index, follow, max-snippet:-1, max-image-preview:large, max-video-preview:-1\" \/>\n<link rel=\"canonical\" href=\"https:\/\/netzwerkrecherche.org\/helpline\/presseschau\/\" \/>\n<meta property=\"og:locale\" content=\"de_DE\" \/>\n<meta property=\"og:type\" content=\"article\" \/>\n<meta property=\"og:title\" content=\"Presseschau - Helpline\" \/>\n<meta property=\"og:description\" content=\"Hilfe bei psychischen Belastungen im Job: Die Helpline unterst\u00fctzt Journalist:innen, die unter Druck, Stress oder Angst leiden 030\/7543 7633\" \/>\n<meta property=\"og:url\" content=\"https:\/\/netzwerkrecherche.org\/helpline\/presseschau\/\" \/>\n<meta property=\"og:site_name\" content=\"Helpline\" \/>\n<meta property=\"article:modified_time\" content=\"2025-11-25T08:33:30+00:00\" \/>\n<meta property=\"og:image\" content=\"https:\/\/netzwerkrecherche.org\/helpline\/wp-content\/uploads\/sites\/16\/2025\/08\/Vorschaubild.png\" \/>\n\t<meta property=\"og:image:width\" content=\"1024\" \/>\n\t<meta property=\"og:image:height\" content=\"512\" \/>\n\t<meta property=\"og:image:type\" content=\"image\/png\" \/>\n<meta name=\"twitter:card\" content=\"summary_large_image\" \/>\n<meta name=\"twitter:label1\" content=\"Gesch\u00e4tzte Lesezeit\" \/>\n\t<meta name=\"twitter:data1\" content=\"5\u00a0Minuten\" \/>\n<script type=\"application\/ld+json\" class=\"yoast-schema-graph\">{\"@context\":\"https:\\\/\\\/schema.org\",\"@graph\":[{\"@type\":\"WebPage\",\"@id\":\"https:\\\/\\\/netzwerkrecherche.org\\\/helpline\\\/presseschau\\\/\",\"url\":\"https:\\\/\\\/netzwerkrecherche.org\\\/helpline\\\/presseschau\\\/\",\"name\":\"Presseschau - Helpline\",\"isPartOf\":{\"@id\":\"https:\\\/\\\/netzwerkrecherche.org\\\/helpline\\\/#website\"},\"primaryImageOfPage\":{\"@id\":\"https:\\\/\\\/netzwerkrecherche.org\\\/helpline\\\/presseschau\\\/#primaryimage\"},\"image\":{\"@id\":\"https:\\\/\\\/netzwerkrecherche.org\\\/helpline\\\/presseschau\\\/#primaryimage\"},\"thumbnailUrl\":\"https:\\\/\\\/netzwerkrecherche.org\\\/helpline\\\/wp-content\\\/uploads\\\/sites\\\/16\\\/2025\\\/08\\\/Vorschaubild.png\",\"datePublished\":\"2025-08-12T08:29:34+00:00\",\"dateModified\":\"2025-11-25T08:33:30+00:00\",\"description\":\"Hilfe bei psychischen Belastungen im Job: Die Helpline unterst\u00fctzt Journalist:innen, die unter Druck, Stress oder Angst leiden 030\\\/7543 7633\",\"breadcrumb\":{\"@id\":\"https:\\\/\\\/netzwerkrecherche.org\\\/helpline\\\/presseschau\\\/#breadcrumb\"},\"inLanguage\":\"de\",\"potentialAction\":[{\"@type\":\"ReadAction\",\"target\":[\"https:\\\/\\\/netzwerkrecherche.org\\\/helpline\\\/presseschau\\\/\"]}]},{\"@type\":\"ImageObject\",\"inLanguage\":\"de\",\"@id\":\"https:\\\/\\\/netzwerkrecherche.org\\\/helpline\\\/presseschau\\\/#primaryimage\",\"url\":\"https:\\\/\\\/netzwerkrecherche.org\\\/helpline\\\/wp-content\\\/uploads\\\/sites\\\/16\\\/2025\\\/08\\\/Vorschaubild.png\",\"contentUrl\":\"https:\\\/\\\/netzwerkrecherche.org\\\/helpline\\\/wp-content\\\/uploads\\\/sites\\\/16\\\/2025\\\/08\\\/Vorschaubild.png\",\"width\":1024,\"height\":512,\"caption\":\"Helpline - Mentale Belastungen im Journalismus\"},{\"@type\":\"BreadcrumbList\",\"@id\":\"https:\\\/\\\/netzwerkrecherche.org\\\/helpline\\\/presseschau\\\/#breadcrumb\",\"itemListElement\":[{\"@type\":\"ListItem\",\"position\":1,\"name\":\"Startseite\",\"item\":\"https:\\\/\\\/netzwerkrecherche.org\\\/helpline\\\/\"},{\"@type\":\"ListItem\",\"position\":2,\"name\":\"Presseschau\"}]},{\"@type\":\"WebSite\",\"@id\":\"https:\\\/\\\/netzwerkrecherche.org\\\/helpline\\\/#website\",\"url\":\"https:\\\/\\\/netzwerkrecherche.org\\\/helpline\\\/\",\"name\":\"Helpline\",\"description\":\"Lass uns dar\u00fcber reden!\",\"publisher\":{\"@id\":\"https:\\\/\\\/netzwerkrecherche.org\\\/helpline\\\/#organization\"},\"potentialAction\":[{\"@type\":\"SearchAction\",\"target\":{\"@type\":\"EntryPoint\",\"urlTemplate\":\"https:\\\/\\\/netzwerkrecherche.org\\\/helpline\\\/?s={search_term_string}\"},\"query-input\":{\"@type\":\"PropertyValueSpecification\",\"valueRequired\":true,\"valueName\":\"search_term_string\"}}],\"inLanguage\":\"de\"},{\"@type\":\"Organization\",\"@id\":\"https:\\\/\\\/netzwerkrecherche.org\\\/helpline\\\/#organization\",\"name\":\"Helpline\",\"url\":\"https:\\\/\\\/netzwerkrecherche.org\\\/helpline\\\/\",\"logo\":{\"@type\":\"ImageObject\",\"inLanguage\":\"de\",\"@id\":\"https:\\\/\\\/netzwerkrecherche.org\\\/helpline\\\/#\\\/schema\\\/logo\\\/image\\\/\",\"url\":\"https:\\\/\\\/netzwerkrecherche.org\\\/helpline\\\/wp-content\\\/uploads\\\/sites\\\/16\\\/2024\\\/05\\\/Logo-Helpline_black.png\",\"contentUrl\":\"https:\\\/\\\/netzwerkrecherche.org\\\/helpline\\\/wp-content\\\/uploads\\\/sites\\\/16\\\/2024\\\/05\\\/Logo-Helpline_black.png\",\"width\":800,\"height\":297,\"caption\":\"Helpline\"},\"image\":{\"@id\":\"https:\\\/\\\/netzwerkrecherche.org\\\/helpline\\\/#\\\/schema\\\/logo\\\/image\\\/\"}}]}<\/script>\n<!-- \/ Yoast SEO plugin. -->","yoast_head_json":{"title":"Presseschau - Helpline","description":"Hilfe bei psychischen Belastungen im Job: Die Helpline unterst\u00fctzt Journalist:innen, die unter Druck, Stress oder Angst leiden 030\/7543 7633","robots":{"index":"index","follow":"follow","max-snippet":"max-snippet:-1","max-image-preview":"max-image-preview:large","max-video-preview":"max-video-preview:-1"},"canonical":"https:\/\/netzwerkrecherche.org\/helpline\/presseschau\/","og_locale":"de_DE","og_type":"article","og_title":"Presseschau - Helpline","og_description":"Hilfe bei psychischen Belastungen im Job: Die Helpline unterst\u00fctzt Journalist:innen, die unter Druck, Stress oder Angst leiden 030\/7543 7633","og_url":"https:\/\/netzwerkrecherche.org\/helpline\/presseschau\/","og_site_name":"Helpline","article_modified_time":"2025-11-25T08:33:30+00:00","og_image":[{"width":1024,"height":512,"url":"https:\/\/netzwerkrecherche.org\/helpline\/wp-content\/uploads\/sites\/16\/2025\/08\/Vorschaubild.png","type":"image\/png"}],"twitter_card":"summary_large_image","twitter_misc":{"Gesch\u00e4tzte Lesezeit":"5\u00a0Minuten"},"schema":{"@context":"https:\/\/schema.org","@graph":[{"@type":"WebPage","@id":"https:\/\/netzwerkrecherche.org\/helpline\/presseschau\/","url":"https:\/\/netzwerkrecherche.org\/helpline\/presseschau\/","name":"Presseschau - Helpline","isPartOf":{"@id":"https:\/\/netzwerkrecherche.org\/helpline\/#website"},"primaryImageOfPage":{"@id":"https:\/\/netzwerkrecherche.org\/helpline\/presseschau\/#primaryimage"},"image":{"@id":"https:\/\/netzwerkrecherche.org\/helpline\/presseschau\/#primaryimage"},"thumbnailUrl":"https:\/\/netzwerkrecherche.org\/helpline\/wp-content\/uploads\/sites\/16\/2025\/08\/Vorschaubild.png","datePublished":"2025-08-12T08:29:34+00:00","dateModified":"2025-11-25T08:33:30+00:00","description":"Hilfe bei psychischen Belastungen im Job: Die Helpline unterst\u00fctzt Journalist:innen, die unter Druck, Stress oder Angst leiden 030\/7543 7633","breadcrumb":{"@id":"https:\/\/netzwerkrecherche.org\/helpline\/presseschau\/#breadcrumb"},"inLanguage":"de","potentialAction":[{"@type":"ReadAction","target":["https:\/\/netzwerkrecherche.org\/helpline\/presseschau\/"]}]},{"@type":"ImageObject","inLanguage":"de","@id":"https:\/\/netzwerkrecherche.org\/helpline\/presseschau\/#primaryimage","url":"https:\/\/netzwerkrecherche.org\/helpline\/wp-content\/uploads\/sites\/16\/2025\/08\/Vorschaubild.png","contentUrl":"https:\/\/netzwerkrecherche.org\/helpline\/wp-content\/uploads\/sites\/16\/2025\/08\/Vorschaubild.png","width":1024,"height":512,"caption":"Helpline - Mentale Belastungen im Journalismus"},{"@type":"BreadcrumbList","@id":"https:\/\/netzwerkrecherche.org\/helpline\/presseschau\/#breadcrumb","itemListElement":[{"@type":"ListItem","position":1,"name":"Startseite","item":"https:\/\/netzwerkrecherche.org\/helpline\/"},{"@type":"ListItem","position":2,"name":"Presseschau"}]},{"@type":"WebSite","@id":"https:\/\/netzwerkrecherche.org\/helpline\/#website","url":"https:\/\/netzwerkrecherche.org\/helpline\/","name":"Helpline","description":"Lass uns dar\u00fcber reden!","publisher":{"@id":"https:\/\/netzwerkrecherche.org\/helpline\/#organization"},"potentialAction":[{"@type":"SearchAction","target":{"@type":"EntryPoint","urlTemplate":"https:\/\/netzwerkrecherche.org\/helpline\/?s={search_term_string}"},"query-input":{"@type":"PropertyValueSpecification","valueRequired":true,"valueName":"search_term_string"}}],"inLanguage":"de"},{"@type":"Organization","@id":"https:\/\/netzwerkrecherche.org\/helpline\/#organization","name":"Helpline","url":"https:\/\/netzwerkrecherche.org\/helpline\/","logo":{"@type":"ImageObject","inLanguage":"de","@id":"https:\/\/netzwerkrecherche.org\/helpline\/#\/schema\/logo\/image\/","url":"https:\/\/netzwerkrecherche.org\/helpline\/wp-content\/uploads\/sites\/16\/2024\/05\/Logo-Helpline_black.png","contentUrl":"https:\/\/netzwerkrecherche.org\/helpline\/wp-content\/uploads\/sites\/16\/2024\/05\/Logo-Helpline_black.png","width":800,"height":297,"caption":"Helpline"},"image":{"@id":"https:\/\/netzwerkrecherche.org\/helpline\/#\/schema\/logo\/image\/"}}]}},"_links":{"self":[{"href":"https:\/\/netzwerkrecherche.org\/helpline\/wp-json\/wp\/v2\/pages\/2850","targetHints":{"allow":["GET"]}}],"collection":[{"href":"https:\/\/netzwerkrecherche.org\/helpline\/wp-json\/wp\/v2\/pages"}],"about":[{"href":"https:\/\/netzwerkrecherche.org\/helpline\/wp-json\/wp\/v2\/types\/page"}],"author":[{"embeddable":true,"href":"https:\/\/netzwerkrecherche.org\/helpline\/wp-json\/wp\/v2\/users\/27"}],"replies":[{"embeddable":true,"href":"https:\/\/netzwerkrecherche.org\/helpline\/wp-json\/wp\/v2\/comments?post=2850"}],"version-history":[{"count":3,"href":"https:\/\/netzwerkrecherche.org\/helpline\/wp-json\/wp\/v2\/pages\/2850\/revisions"}],"predecessor-version":[{"id":2875,"href":"https:\/\/netzwerkrecherche.org\/helpline\/wp-json\/wp\/v2\/pages\/2850\/revisions\/2875"}],"wp:featuredmedia":[{"embeddable":true,"href":"https:\/\/netzwerkrecherche.org\/helpline\/wp-json\/wp\/v2\/media\/2736"}],"wp:attachment":[{"href":"https:\/\/netzwerkrecherche.org\/helpline\/wp-json\/wp\/v2\/media?parent=2850"}],"curies":[{"name":"wp","href":"https:\/\/api.w.org\/{rel}","templated":true}]}}