{"id":9,"date":"2025-12-22T09:46:32","date_gmt":"2025-12-22T08:46:32","guid":{"rendered":"https:\/\/netzwerkrecherche.org\/helpline\/?page_id=9"},"modified":"2026-03-02T10:26:30","modified_gmt":"2026-03-02T09:26:30","slug":"home","status":"publish","type":"page","link":"https:\/\/netzwerkrecherche.org\/helpline\/","title":{"rendered":"Helpline"},"content":{"rendered":"\n\n\t<h2>Hilf uns dabei, weiterzumachen!<\/h2>\n<p><em>In zwei Jahren hat die Helpline mehr als 100 Journalist:innen geholfen. Jetzt brauchen wir deine Unterst\u00fctzung. Hilf uns dabei, das Projekt fortzusetzen und weiterzuentwickeln.<\/em><\/p>\n<p><strong>Jede Spende hilft!\u00a0<\/strong><\/p>\n\t\t<a href=\"https:\/\/netzwerkrecherche.org\/helpline\/spenden\/\">Jetzt spenden<\/a>\n\t<h1>\n\t\t\tWillkommen bei der Helpline\t<\/h1>\n<h2>\n\t\t\tKollegiale Unterst\u00fctzung f\u00fcr belastete Journalist:innen\t<\/h2>\n\tEine aufw\u00fchlende Recherche l\u00e4sst dich nachts <strong>nicht schlafen<\/strong>?<br \/>\nDu wei\u00dft nicht, wie du den immensen <strong>Druck in der Redaktion<\/strong> aushalten sollst?<br \/>\nDu machst dir <strong>Sorgen um deinen Arbeitsplatz<\/strong>?<br \/>\nDu erlebst Sexismus, Rassismus oder eine andere Form von <strong>Diskriminierung<\/strong>?\n<p>Dann geht es dir wie vielen anderen Journalist:innen. Du bist also nicht allein. Die gute Nachricht: <strong>Wir sind f\u00fcr dich da!<\/strong><\/p>\n<figure itemscope itemtype=\"https:\/\/schema.org\/ImageObject\">\n\t\t\t\t<img decoding=\"async\" src=\"https:\/\/netzwerkrecherche.org\/helpline\/wp-content\/uploads\/sites\/16\/2024\/05\/Logo-Helpline_black.png\" alt=\"Logo Helpline\" height=\"297\" width=\"800\" title=\"Logo Helpline\" onerror=\"this.style.display='none'\" loading=\"lazy\" \/>\n\t<\/figure>\n\t<h2>Ruf an. Kostenlos und anonym.<\/h2>\n<p>Weil Reden hilft, kannst Du unsere Mitarbeitenden von <strong>Montag bis Freitag<\/strong> immer von <strong>18-19 Uhr<\/strong> unter <strong>030 &#8211; 7543 7633<\/strong> telefonisch erreichen.<\/p>\n<p>Au\u00dferhalb dieser Zeiten kannst Du uns eine Nachricht auf dem <strong>Anrufbeantworter<\/strong> hinterlassen. Auf Wunsch rufen wir zur\u00fcck. Oder schreib uns eine <a href=\"mailto:helpline@nrch.de\">E-Mail<\/a>.<\/p>\n<p>Du telefonierst nicht gerne? Dann schick uns eine <strong>Nachricht auf Signal <\/strong>(journalisten_helpline.26).<\/p>\n\t<p>Die Helpline ist eine <strong>anonyme <\/strong>und <strong>kostenlose<\/strong>* Telefonberatung f\u00fcr mental belastete Journalist:innen. Sie steht allen festangestellten und freien Kolleg:innen offen. Getragen wird sie vom Verein Netzwerk Recherche e. V. und ist damit <strong>unabh\u00e4ngig<\/strong>.<\/p>\n<p>Du erreichst die Helpline telefonisch unter <strong>030 &#8211; 7543 7633<\/strong> zu folgenden Sprechzeiten:<\/p>\n<p><strong>Montag bis Freitag: 18 &#8211; 19 Uhr<\/strong><\/p>\n<p>Au\u00dferhalb der Sprechzeiten kannst du uns auf den <strong>Anrufbeantworter<\/strong> sprechen. Wir rufen zur\u00fcck! Oder du schreibst uns eine <a href=\"mailto:helpline@nrch.de\"><strong>E-Mail<\/strong><\/a> mit dem Wunsch nach einem R\u00fcckruf.<\/p>\n<p>Du telefonierst nicht gerne? Dann schick uns eine <strong>Nachricht auf Signal <\/strong>(journalisten_helpline.26).<\/p>\n<p>Du hast Zweifel, ob wir dir wirklich helfen k\u00f6nnen oder ob dein Anruf wirklich anonym bleibt? Dann schau in unserem <a href=\"https:\/\/netzwerkrecherche.org\/helpline\/homepage-2-2\/faq\/\"><strong>FAQ<\/strong><\/a> vorbei.<\/p>\n<p>Wenn es Dir akut schlecht geht und die Helpline nicht erreichbar ist, wende Dich bitte an den n\u00e4chsten <strong>sozialpsychiatrischen Dienst<\/strong> oder die n\u00e4chste Klinik und rufe <strong>in Notf\u00e4llen die 112<\/strong> an.<\/p>\n<p>*Es fallen je nach Tarif Geb\u00fchren f\u00fcr einen Anruf ins deutsche Festnetz an.<\/p>\n\t\t<a href=\"mailto:helpline@nrch.de\">Schreib uns!<\/a>\n\t<h2>Die Helpline wirkt!<\/h2>\n<p><em>\u201eDanke f\u00fcr Eure Arbeit! Zu wissen, dass es Euch gibt, hat mir in einer herausfordernden Recherche schon geholfen. Und dann wirklich bei Euch anzurufen erst! Euer Zuh\u00f6ren, Euer Fragen stellen, Eure Tipps. Ihr seid Gold wert. Echt.&#8220;<\/em><\/p>\n<p><strong>Feedback nach einem Anruf<\/strong><\/p>\n<h2>\n\t\t\tUnsere F\u00f6rderer\t<\/h2>\n<figure itemscope itemtype=\"https:\/\/schema.org\/ImageObject\">\n\t\t\t\t<a href=\"http:\/\/www.kulturstaatsminister.de\"  target=\"_blank\" rel=\"noopener\"  itemprop=\"url\">\n\t\t\t\t<img decoding=\"async\" src=\"https:\/\/netzwerkrecherche.org\/helpline\/wp-content\/uploads\/sites\/16\/2025\/08\/20.png\" alt=\"20\" height=\"681\" width=\"1000\" title=\"20\" onerror=\"this.style.display='none'\" loading=\"lazy\" \/>\n\t\t\t\t<\/a>\n\t<\/figure>\n<figure itemscope itemtype=\"https:\/\/schema.org\/ImageObject\">\n\t\t\t\t<img decoding=\"async\" src=\"https:\/\/netzwerkrecherche.org\/helpline\/wp-content\/uploads\/sites\/16\/2025\/08\/2.png\" alt=\"Der Spiegel unterst\u00fctzt die Helpline\" height=\"681\" width=\"1000\" title=\"Der Spiegel unterst\u00fctzt die Helpline\" onerror=\"this.style.display='none'\" loading=\"lazy\" \/>\n\t<\/figure>\n<figure itemscope itemtype=\"https:\/\/schema.org\/ImageObject\">\n\t\t\t\t<img decoding=\"async\" src=\"https:\/\/netzwerkrecherche.org\/helpline\/wp-content\/uploads\/sites\/16\/2025\/08\/Partner-und-Foerderer-NR25.png\" alt=\"Die S\u00fcddeutsche Zeitung unterst\u00fctzt die Helpline\" height=\"681\" width=\"1000\" title=\"Die S\u00fcddeutsche Zeitung unterst\u00fctzt die Helpline\" onerror=\"this.style.display='none'\" loading=\"lazy\" \/>\n\t<\/figure>\n<figure itemscope itemtype=\"https:\/\/schema.org\/ImageObject\">\n\t\t\t\t<img decoding=\"async\" src=\"https:\/\/netzwerkrecherche.org\/helpline\/wp-content\/uploads\/sites\/16\/2025\/08\/22.png\" alt=\"22\" height=\"681\" width=\"1000\" title=\"22\" onerror=\"this.style.display='none'\" loading=\"lazy\" \/>\n\t<\/figure>\n<figure itemscope itemtype=\"https:\/\/schema.org\/ImageObject\">\n\t\t\t\t<img decoding=\"async\" src=\"https:\/\/netzwerkrecherche.org\/helpline\/wp-content\/uploads\/sites\/16\/2025\/08\/15.png\" alt=\"Der DJV unterst\u00fctzt die Helpline\" height=\"681\" width=\"1000\" title=\"Der DJV unterst\u00fctzt die Helpline\" onerror=\"this.style.display='none'\" loading=\"lazy\" \/>\n\t<\/figure>\n<figure itemscope itemtype=\"https:\/\/schema.org\/ImageObject\">\n\t\t\t\t<img decoding=\"async\" src=\"https:\/\/netzwerkrecherche.org\/helpline\/wp-content\/uploads\/sites\/16\/2025\/08\/12.png\" alt=\"Die Friedrich Ebert Stiftung unterst\u00fctzt die Helpline\" height=\"681\" width=\"1000\" title=\"Die Friedrich Ebert Stiftung unterst\u00fctzt die Helpline\" onerror=\"this.style.display='none'\" loading=\"lazy\" \/>\n\t<\/figure>\n<figure itemscope itemtype=\"https:\/\/schema.org\/ImageObject\">\n\t\t\t\t<img decoding=\"async\" src=\"https:\/\/netzwerkrecherche.org\/helpline\/wp-content\/uploads\/sites\/16\/2025\/08\/24.png\" alt=\"Die Presse Stiftung Baden-W\u00fcrttemberg unterst\u00fctzt die Helpline\" height=\"681\" width=\"1000\" title=\"Die Presse Stiftung Baden-W\u00fcrttemberg unterst\u00fctzt die Helpline\" onerror=\"this.style.display='none'\" loading=\"lazy\" \/>\n\t<\/figure>\n<figure itemscope itemtype=\"https:\/\/schema.org\/ImageObject\">\n\t\t\t\t<img decoding=\"async\" src=\"https:\/\/netzwerkrecherche.org\/helpline\/wp-content\/uploads\/sites\/16\/2025\/08\/23.png\" alt=\"23\" height=\"681\" width=\"1000\" title=\"23\" onerror=\"this.style.display='none'\" loading=\"lazy\" \/>\n\t<\/figure>\n<figure itemscope itemtype=\"https:\/\/schema.org\/ImageObject\">\n\t\t\t\t<img decoding=\"async\" src=\"https:\/\/netzwerkrecherche.org\/helpline\/wp-content\/uploads\/sites\/16\/2025\/08\/dart.png\" alt=\"Dart Centre Europe unterst\u00fctzt die Helpline\" height=\"681\" width=\"1000\" title=\"Dart Centre Europe unterst\u00fctzt die Helpline\" onerror=\"this.style.display='none'\" loading=\"lazy\" \/>\n\t<\/figure>\n<h2>\n\t\t\tUnterst\u00fctzt durch\t<\/h2>\n<figure itemscope itemtype=\"https:\/\/schema.org\/ImageObject\">\n\t\t\t\t<img decoding=\"async\" src=\"https:\/\/netzwerkrecherche.org\/helpline\/wp-content\/uploads\/sites\/16\/2025\/08\/26.png\" alt=\"Die LMU unterst\u00fctzt die Helpline\" height=\"681\" width=\"1000\" title=\"Die LMU unterst\u00fctzt die Helpline\" onerror=\"this.style.display='none'\" loading=\"lazy\" \/>\n\t<\/figure>\n<figure itemscope itemtype=\"https:\/\/schema.org\/ImageObject\">\n\t\t\t\t<img decoding=\"async\" src=\"https:\/\/netzwerkrecherche.org\/helpline\/wp-content\/uploads\/sites\/16\/2025\/08\/25.png\" alt=\"Das ifp unterst\u00fctzt die Helpline\" height=\"681\" width=\"1000\" title=\"Das ifp unterst\u00fctzt die Helpline\" onerror=\"this.style.display='none'\" loading=\"lazy\" \/>\n\t<\/figure>\n<figure itemscope itemtype=\"https:\/\/schema.org\/ImageObject\">\n\t\t\t\t<img decoding=\"async\" src=\"https:\/\/netzwerkrecherche.org\/helpline\/wp-content\/uploads\/sites\/16\/2025\/08\/27.png\" alt=\"Der VBRG unterst\u00fctzt die Helpline\" height=\"681\" width=\"1000\" title=\"Der VBRG unterst\u00fctzt die Helpline\" onerror=\"this.style.display='none'\" loading=\"lazy\" \/>\n\t<\/figure>\n<figure itemscope itemtype=\"https:\/\/schema.org\/ImageObject\">\n\t\t\t\t<img decoding=\"async\" src=\"https:\/\/netzwerkrecherche.org\/helpline\/wp-content\/uploads\/sites\/16\/2025\/08\/10.png\" alt=\"Die Freischreiber unterst\u00fctzen die Helpline\" height=\"681\" width=\"1000\" title=\"Die Freischreiber unterst\u00fctzen die Helpline\" onerror=\"this.style.display='none'\" loading=\"lazy\" \/>\n\t<\/figure>\n<figure itemscope itemtype=\"https:\/\/schema.org\/ImageObject\">\n\t\t\t\t<img decoding=\"async\" src=\"https:\/\/netzwerkrecherche.org\/helpline\/wp-content\/uploads\/sites\/16\/2023\/03\/Hochschule-Fresesnius-Heidelberg-logo.png\" alt=\"Hochschule Fresesnius Heidelberg logo\" height=\"985\" width=\"2000\" title=\"Hochschule Fresesnius Heidelberg logo\" onerror=\"this.style.display='none'\" loading=\"lazy\" \/>\n\t<\/figure>\n\n","protected":false},"excerpt":{"rendered":"<p>Hilf uns dabei, weiterzumachen! In zwei Jahren hat die Helpline mehr als 100 Journalist:innen geholfen. Jetzt brauchen wir deine Unterst\u00fctzung. Hilf uns dabei, das Projekt fortzusetzen und weiterzuentwickeln. Jede Spende hilft!\u00a0 Jetzt spenden Willkommen bei der Helpline Kollegiale Unterst\u00fctzung f\u00fcr belastete Journalist:innen Eine aufw\u00fchlende Recherche l\u00e4sst dich nachts nicht schlafen? Du wei\u00dft nicht, wie du [&hellip;]<\/p>\n","protected":false},"author":27,"featured_media":2736,"parent":0,"menu_order":0,"comment_status":"closed","ping_status":"closed","template":"","meta":{"footnotes":""},"class_list":["post-9","page","type-page","status-publish","has-post-thumbnail","hentry"],"yoast_head":"<!-- This site is optimized with the Yoast SEO plugin v27.3 - https:\/\/yoast.com\/product\/yoast-seo-wordpress\/ -->\n<title>Helpline - Helpline<\/title>\n<meta name=\"description\" content=\"Hilfe bei psychischen Belastungen im Job: Die Helpline unterst\u00fctzt Journalist:innen, die unter Druck, Stress oder Angst leiden 030\/7543 7633\" \/>\n<meta name=\"robots\" content=\"index, follow, max-snippet:-1, max-image-preview:large, max-video-preview:-1\" \/>\n<link rel=\"canonical\" href=\"https:\/\/netzwerkrecherche.org\/helpline\/\" \/>\n<meta property=\"og:locale\" content=\"de_DE\" \/>\n<meta property=\"og:type\" content=\"article\" \/>\n<meta property=\"og:title\" content=\"Helpline - Helpline\" \/>\n<meta property=\"og:description\" content=\"Hilfe bei psychischen Belastungen im Job: Die Helpline unterst\u00fctzt Journalist:innen, die unter Druck, Stress oder Angst leiden 030\/7543 7633\" \/>\n<meta property=\"og:url\" content=\"https:\/\/netzwerkrecherche.org\/helpline\/\" \/>\n<meta property=\"og:site_name\" content=\"Helpline\" \/>\n<meta property=\"article:modified_time\" content=\"2026-03-02T09:26:30+00:00\" \/>\n<meta property=\"og:image\" content=\"https:\/\/netzwerkrecherche.org\/helpline\/wp-content\/uploads\/sites\/16\/2025\/08\/Vorschaubild.png\" \/>\n\t<meta property=\"og:image:width\" content=\"1024\" \/>\n\t<meta property=\"og:image:height\" content=\"512\" \/>\n\t<meta property=\"og:image:type\" content=\"image\/png\" \/>\n<meta name=\"twitter:card\" content=\"summary_large_image\" \/>\n<meta name=\"twitter:label1\" content=\"Gesch\u00e4tzte Lesezeit\" \/>\n\t<meta name=\"twitter:data1\" content=\"5\u00a0Minuten\" \/>\n<script type=\"application\/ld+json\" class=\"yoast-schema-graph\">{\"@context\":\"https:\\\/\\\/schema.org\",\"@graph\":[{\"@type\":\"WebPage\",\"@id\":\"https:\\\/\\\/netzwerkrecherche.org\\\/helpline\\\/\",\"url\":\"https:\\\/\\\/netzwerkrecherche.org\\\/helpline\\\/\",\"name\":\"Helpline - Helpline\",\"isPartOf\":{\"@id\":\"https:\\\/\\\/netzwerkrecherche.org\\\/helpline\\\/#website\"},\"primaryImageOfPage\":{\"@id\":\"https:\\\/\\\/netzwerkrecherche.org\\\/helpline\\\/#primaryimage\"},\"image\":{\"@id\":\"https:\\\/\\\/netzwerkrecherche.org\\\/helpline\\\/#primaryimage\"},\"thumbnailUrl\":\"https:\\\/\\\/netzwerkrecherche.org\\\/helpline\\\/wp-content\\\/uploads\\\/sites\\\/16\\\/2025\\\/08\\\/Vorschaubild.png\",\"datePublished\":\"2025-12-22T08:46:32+00:00\",\"dateModified\":\"2026-03-02T09:26:30+00:00\",\"description\":\"Hilfe bei psychischen Belastungen im Job: Die Helpline unterst\u00fctzt Journalist:innen, die unter Druck, Stress oder Angst leiden 030\\\/7543 7633\",\"breadcrumb\":{\"@id\":\"https:\\\/\\\/netzwerkrecherche.org\\\/helpline\\\/#breadcrumb\"},\"inLanguage\":\"de\",\"potentialAction\":[{\"@type\":\"ReadAction\",\"target\":[\"https:\\\/\\\/netzwerkrecherche.org\\\/helpline\\\/\"]}]},{\"@type\":\"ImageObject\",\"inLanguage\":\"de\",\"@id\":\"https:\\\/\\\/netzwerkrecherche.org\\\/helpline\\\/#primaryimage\",\"url\":\"https:\\\/\\\/netzwerkrecherche.org\\\/helpline\\\/wp-content\\\/uploads\\\/sites\\\/16\\\/2025\\\/08\\\/Vorschaubild.png\",\"contentUrl\":\"https:\\\/\\\/netzwerkrecherche.org\\\/helpline\\\/wp-content\\\/uploads\\\/sites\\\/16\\\/2025\\\/08\\\/Vorschaubild.png\",\"width\":1024,\"height\":512,\"caption\":\"Helpline - Mentale Belastungen im Journalismus\"},{\"@type\":\"BreadcrumbList\",\"@id\":\"https:\\\/\\\/netzwerkrecherche.org\\\/helpline\\\/#breadcrumb\",\"itemListElement\":[{\"@type\":\"ListItem\",\"position\":1,\"name\":\"Startseite\",\"item\":\"https:\\\/\\\/netzwerkrecherche.org\\\/helpline\\\/\"},{\"@type\":\"ListItem\",\"position\":2,\"name\":\"Helpline\"}]},{\"@type\":\"WebSite\",\"@id\":\"https:\\\/\\\/netzwerkrecherche.org\\\/helpline\\\/#website\",\"url\":\"https:\\\/\\\/netzwerkrecherche.org\\\/helpline\\\/\",\"name\":\"Helpline\",\"description\":\"Lass uns dar\u00fcber reden!\",\"publisher\":{\"@id\":\"https:\\\/\\\/netzwerkrecherche.org\\\/helpline\\\/#organization\"},\"potentialAction\":[{\"@type\":\"SearchAction\",\"target\":{\"@type\":\"EntryPoint\",\"urlTemplate\":\"https:\\\/\\\/netzwerkrecherche.org\\\/helpline\\\/?s={search_term_string}\"},\"query-input\":{\"@type\":\"PropertyValueSpecification\",\"valueRequired\":true,\"valueName\":\"search_term_string\"}}],\"inLanguage\":\"de\"},{\"@type\":\"Organization\",\"@id\":\"https:\\\/\\\/netzwerkrecherche.org\\\/helpline\\\/#organization\",\"name\":\"Helpline\",\"url\":\"https:\\\/\\\/netzwerkrecherche.org\\\/helpline\\\/\",\"logo\":{\"@type\":\"ImageObject\",\"inLanguage\":\"de\",\"@id\":\"https:\\\/\\\/netzwerkrecherche.org\\\/helpline\\\/#\\\/schema\\\/logo\\\/image\\\/\",\"url\":\"https:\\\/\\\/netzwerkrecherche.org\\\/helpline\\\/wp-content\\\/uploads\\\/sites\\\/16\\\/2024\\\/05\\\/Logo-Helpline_black.png\",\"contentUrl\":\"https:\\\/\\\/netzwerkrecherche.org\\\/helpline\\\/wp-content\\\/uploads\\\/sites\\\/16\\\/2024\\\/05\\\/Logo-Helpline_black.png\",\"width\":800,\"height\":297,\"caption\":\"Helpline\"},\"image\":{\"@id\":\"https:\\\/\\\/netzwerkrecherche.org\\\/helpline\\\/#\\\/schema\\\/logo\\\/image\\\/\"}}]}<\/script>\n<!-- \/ Yoast SEO plugin. -->","yoast_head_json":{"title":"Helpline - Helpline","description":"Hilfe bei psychischen Belastungen im Job: Die Helpline unterst\u00fctzt Journalist:innen, die unter Druck, Stress oder Angst leiden 030\/7543 7633","robots":{"index":"index","follow":"follow","max-snippet":"max-snippet:-1","max-image-preview":"max-image-preview:large","max-video-preview":"max-video-preview:-1"},"canonical":"https:\/\/netzwerkrecherche.org\/helpline\/","og_locale":"de_DE","og_type":"article","og_title":"Helpline - Helpline","og_description":"Hilfe bei psychischen Belastungen im Job: Die Helpline unterst\u00fctzt Journalist:innen, die unter Druck, Stress oder Angst leiden 030\/7543 7633","og_url":"https:\/\/netzwerkrecherche.org\/helpline\/","og_site_name":"Helpline","article_modified_time":"2026-03-02T09:26:30+00:00","og_image":[{"width":1024,"height":512,"url":"https:\/\/netzwerkrecherche.org\/helpline\/wp-content\/uploads\/sites\/16\/2025\/08\/Vorschaubild.png","type":"image\/png"}],"twitter_card":"summary_large_image","twitter_misc":{"Gesch\u00e4tzte Lesezeit":"5\u00a0Minuten"},"schema":{"@context":"https:\/\/schema.org","@graph":[{"@type":"WebPage","@id":"https:\/\/netzwerkrecherche.org\/helpline\/","url":"https:\/\/netzwerkrecherche.org\/helpline\/","name":"Helpline - Helpline","isPartOf":{"@id":"https:\/\/netzwerkrecherche.org\/helpline\/#website"},"primaryImageOfPage":{"@id":"https:\/\/netzwerkrecherche.org\/helpline\/#primaryimage"},"image":{"@id":"https:\/\/netzwerkrecherche.org\/helpline\/#primaryimage"},"thumbnailUrl":"https:\/\/netzwerkrecherche.org\/helpline\/wp-content\/uploads\/sites\/16\/2025\/08\/Vorschaubild.png","datePublished":"2025-12-22T08:46:32+00:00","dateModified":"2026-03-02T09:26:30+00:00","description":"Hilfe bei psychischen Belastungen im Job: Die Helpline unterst\u00fctzt Journalist:innen, die unter Druck, Stress oder Angst leiden 030\/7543 7633","breadcrumb":{"@id":"https:\/\/netzwerkrecherche.org\/helpline\/#breadcrumb"},"inLanguage":"de","potentialAction":[{"@type":"ReadAction","target":["https:\/\/netzwerkrecherche.org\/helpline\/"]}]},{"@type":"ImageObject","inLanguage":"de","@id":"https:\/\/netzwerkrecherche.org\/helpline\/#primaryimage","url":"https:\/\/netzwerkrecherche.org\/helpline\/wp-content\/uploads\/sites\/16\/2025\/08\/Vorschaubild.png","contentUrl":"https:\/\/netzwerkrecherche.org\/helpline\/wp-content\/uploads\/sites\/16\/2025\/08\/Vorschaubild.png","width":1024,"height":512,"caption":"Helpline - Mentale Belastungen im Journalismus"},{"@type":"BreadcrumbList","@id":"https:\/\/netzwerkrecherche.org\/helpline\/#breadcrumb","itemListElement":[{"@type":"ListItem","position":1,"name":"Startseite","item":"https:\/\/netzwerkrecherche.org\/helpline\/"},{"@type":"ListItem","position":2,"name":"Helpline"}]},{"@type":"WebSite","@id":"https:\/\/netzwerkrecherche.org\/helpline\/#website","url":"https:\/\/netzwerkrecherche.org\/helpline\/","name":"Helpline","description":"Lass uns dar\u00fcber reden!","publisher":{"@id":"https:\/\/netzwerkrecherche.org\/helpline\/#organization"},"potentialAction":[{"@type":"SearchAction","target":{"@type":"EntryPoint","urlTemplate":"https:\/\/netzwerkrecherche.org\/helpline\/?s={search_term_string}"},"query-input":{"@type":"PropertyValueSpecification","valueRequired":true,"valueName":"search_term_string"}}],"inLanguage":"de"},{"@type":"Organization","@id":"https:\/\/netzwerkrecherche.org\/helpline\/#organization","name":"Helpline","url":"https:\/\/netzwerkrecherche.org\/helpline\/","logo":{"@type":"ImageObject","inLanguage":"de","@id":"https:\/\/netzwerkrecherche.org\/helpline\/#\/schema\/logo\/image\/","url":"https:\/\/netzwerkrecherche.org\/helpline\/wp-content\/uploads\/sites\/16\/2024\/05\/Logo-Helpline_black.png","contentUrl":"https:\/\/netzwerkrecherche.org\/helpline\/wp-content\/uploads\/sites\/16\/2024\/05\/Logo-Helpline_black.png","width":800,"height":297,"caption":"Helpline"},"image":{"@id":"https:\/\/netzwerkrecherche.org\/helpline\/#\/schema\/logo\/image\/"}}]}},"_links":{"self":[{"href":"https:\/\/netzwerkrecherche.org\/helpline\/wp-json\/wp\/v2\/pages\/9","targetHints":{"allow":["GET"]}}],"collection":[{"href":"https:\/\/netzwerkrecherche.org\/helpline\/wp-json\/wp\/v2\/pages"}],"about":[{"href":"https:\/\/netzwerkrecherche.org\/helpline\/wp-json\/wp\/v2\/types\/page"}],"author":[{"embeddable":true,"href":"https:\/\/netzwerkrecherche.org\/helpline\/wp-json\/wp\/v2\/users\/27"}],"replies":[{"embeddable":true,"href":"https:\/\/netzwerkrecherche.org\/helpline\/wp-json\/wp\/v2\/comments?post=9"}],"version-history":[{"count":13,"href":"https:\/\/netzwerkrecherche.org\/helpline\/wp-json\/wp\/v2\/pages\/9\/revisions"}],"predecessor-version":[{"id":2913,"href":"https:\/\/netzwerkrecherche.org\/helpline\/wp-json\/wp\/v2\/pages\/9\/revisions\/2913"}],"wp:featuredmedia":[{"embeddable":true,"href":"https:\/\/netzwerkrecherche.org\/helpline\/wp-json\/wp\/v2\/media\/2736"}],"wp:attachment":[{"href":"https:\/\/netzwerkrecherche.org\/helpline\/wp-json\/wp\/v2\/media?parent=9"}],"curies":[{"name":"wp","href":"https:\/\/api.w.org\/{rel}","templated":true}]}}