{"id":14088,"date":"2018-10-08T16:22:02","date_gmt":"2018-10-08T14:22:02","guid":{"rendered":"https:\/\/netzwerkrecherche.org\/nr-termine-archive\/?page_id=14088"},"modified":"2025-07-15T11:12:45","modified_gmt":"2025-07-15T09:12:45","slug":"pressespiegel","status":"publish","type":"page","link":"https:\/\/netzwerkrecherche.org\/nr-termine-archive\/termine\/konferenzen\/jahreskonferenzen\/nr-jahreskonferenz-2018\/pressespiegel\/","title":{"rendered":"Pressespiegel"},"content":{"rendered":"<p><strong>Pressespiegel zur nr-Jahreskonferenz 2018:<\/strong><\/p>\n<p><strong>Zur Konferenz:<\/strong><\/p>\n<p>Ich mache jetzt was mit Medien! : Lokaljournalismus Bei einer Journalistentagung feiern sich Medienmacher f\u00fcr ihre kritische Berichterstattung. Kompakter kann man ein Kernproblem des Lokaljournalismus nicht formulieren<br \/>\nJuliane Wiedemeier. \u2013 der Freitag, Ausgabe 27\/2018<br \/>\n<a class=\"linkified\" href=\"https:\/\/www.freitag.de\/autoren\/der-freitag\/ich-mache-jetzt-was-mit-medien\" target=\"_blank\" rel=\"noopener noreferrer\">www.freitag.de\/autoren\/der-freitag\/ich-mache-jetzt-was-mit-medien<\/a><\/p>\n<p>Frauen in der Medienbranche, Medien \u00fcber den Brexit<br \/>\nDie Sendung zum Nachh\u00f6ren. \u2013 Deutschlandfunk, 03.07.2018<br \/>\n<a class=\"linkified\" href=\"https:\/\/www.deutschlandfunk.de\/03-07-2018-die-sendung-zum-nachhoeren-frauen-in-der.2907.de.html?dram:article_id=421951\" target=\"_blank\" rel=\"noopener noreferrer\">www.deutschlandfunk.de\/03-07-2018-die-sendung-zum-nachhoeren-frauen-in-der.2907.de.html?dram:article_id=421951<\/a><\/p>\n<p>Medien in Sozialen Netzwerken : Ein bisschen weniger Facebook<br \/>\nMedienh\u00e4user nutzen Facebook nicht nur, um eigene Inhalte zu verbreiten \u2013 viele sehen das Netzwerk inzwischen auch als Konkurrenten auf dem Werbemarkt. Zeitungen sowie Radio- und Fernsehsender wollen zur\u00fcckhaltender werden. Der NDR macht jetzt einen ersten kleinen Schritt.<br \/>\nVon Stefan Fries. \u2013 Deutschlandfunk, 02.07.2018<br \/>\n<a class=\"linkified\" href=\"https:\/\/www.deutschlandfunk.de\/medien-in-sozialen-netzwerken-ein-bisschen-weniger-facebook.2907.de.html?dram:article_id=421809\" target=\"_blank\" rel=\"noopener noreferrer\">www.deutschlandfunk.de\/medien-in-sozialen-netzwerken-ein-bisschen-weniger-facebook.2907.de.html?dram:article_id=421809<\/a><\/p>\n<p>Von #MeToo bis Facebook<br \/>\nBeim Treffen der Journalistenvereinigung Netzwerk Recherche stand das Thema Frauen im Mittelpunkt<br \/>\nVon Kai-Hinrich Renner. \u2013 Hamburger Abendblatt, 02.07.2018<br \/>\n<a class=\"linkified\" href=\"https:\/\/www.abendblatt.de\/kultur-live\/article214739557\/Von-MeToo-bis-Facebook.html\" target=\"_blank\" rel=\"noopener noreferrer\">www.abendblatt.de\/kultur-live\/article214739557\/Von-MeToo-bis-Facebook.html<\/a><\/p>\n<p>Alternative: Frauen<br \/>\nAuf der Jahrestagung des Netzwerks Recherche in Hamburg debattieren Journalistinnen und Journalisten \u00fcber die Geschlechterrollen. Eine Frage dabei lautet: Warum recherchieren vor allem M\u00e4nner investigativ?<br \/>\nVon Karoline Meta Beisel. \u2013 S\u00fcddeutsche.de, 01.07.2018<br \/>\n<a class=\"linkified\" href=\"http:\/\/www.sueddeutsche.de\/medien\/gleichberechtigung-alternative-frauen-1.4035991\" target=\"_blank\" rel=\"noopener noreferrer\">www.sueddeutsche.de\/medien\/gleichberechtigung-alternative-frauen-1.4035991<\/a><\/p>\n<p>Russland-Korrespondentin: \u201cHaltung ersetzt nicht Handwerk\u201d<br \/>\nKatja Gloger, langj\u00e4hrige Russland-Korrespondentin des Stern und Autorin mehrere B\u00fccher, hat f\u00fcr eine sachliche Berichterstattung zu Russland pl\u00e4diert. \u201cHaltung entbindet uns nicht von einer differenzierten Berichterstattung\u201d, sagte sie. Man m\u00fcsse auch die eigenen Gef\u00fchle kritisch hinterfragen. \u201cWir m\u00fcssen uns immer wieder auf unser Handwerk besinnen\u201d, sagte sie.<br \/>\nVon Friederike L\u00fcbke. \u2013 Christliches Medienmagazin pro, 01.07.2018<br \/>\n<a class=\"linkified\" href=\"https:\/\/www.pro-medienmagazin.de\/medien\/journalismus\/2018\/07\/01\/russland-korrespondentin-haltung-ersetzt-nicht-handwerk\/\" target=\"_blank\" rel=\"noopener noreferrer\">www.pro-medienmagazin.de\/medien\/journalismus\/2018\/07\/01\/russland-korrespondentin-haltung-ersetzt-nicht-handwerk\/<\/a><\/p>\n<p>Video-Tipp: Journalistinnen diskutieren \u00fcber Sexismus in der Branche.<br \/>\nvon Andreas Maisch. \u2013 turi2, 01.07.2018<br \/>\n<a class=\"linkified\" href=\"http:\/\/www.turi2.de\/aktuell\/video-tipp-journalistinnen-diskutieren-ueber-sexismus-der-branche\/\" target=\"_blank\" rel=\"noopener noreferrer\">www.turi2.de\/aktuell\/video-tipp-journalistinnen-diskutieren-ueber-sexismus-der-branche\/<\/a><\/p>\n<p>Wie objektiv k\u00f6nnen Journalisten sein?<br \/>\nBei dem Vorwurf, Journalisten oder Medien seien nicht objektiv, geht es oft um etwas ganz anderes. Unter dem \u201cDeckm\u00e4ntelchen der Objektivit\u00e4t\u201d werde viel Kritik versteckt, sagte die Fernsehjournalistin Anja Reschke. Das bringe in eine Verteidigungshaltung: \u201cMan ist permanent in dieser Verteidigungswagenburg eingemauert\u201d, sagte sie.<br \/>\nVon Friederike L\u00fcbke. \u2013 Christliches Medienmagazin pro, 30.06.2018<br \/>\n<a class=\"linkified\" href=\"https:\/\/www.pro-medienmagazin.de\/medien\/journalismus\/2018\/06\/30\/wie-objektiv-koennen-journalisten-sein\/\" target=\"_blank\" rel=\"noopener noreferrer\">www.pro-medienmagazin.de\/medien\/journalismus\/2018\/06\/30\/wie-objektiv-koennen-journalisten-sein\/<\/a><\/p>\n<p>Kongress von Netzwerk Recherche im Livestream : Wie man Hass absch\u00fcttelt und L\u00fcgen entlarvt<br \/>\nDaten analysieren, Falschmeldungen erkennen, News f\u00fcr den Badezimmerspiegel schreiben: Auf der Jahreskonferenz von Netzwerk Recherche geht es um die Zukunft des Journalismus. Wir zeigen H\u00f6hepunkte im Livestream.<br \/>\nVon J\u00f6rg Breithut. \u2013 Spiegel Online, 29.06.2018<br \/>\n<a class=\"linkified\" href=\"http:\/\/www.spiegel.de\/netzwelt\/netzpolitik\/netzwerk-recherche-medienkongress-2018-im-livestream-a-1215627.html\" target=\"_blank\" rel=\"noopener noreferrer\">www.spiegel.de\/netzwelt\/netzpolitik\/netzwerk-recherche-medienkongress-2018-im-livestream-a-1215627.html<\/a><\/p>\n<p>Dopingexperte: Journalisten m\u00fcssen f\u00fcr Pressefreiheit k\u00e4mpfen<br \/>\nAnl\u00e4sslich der Fu\u00dfball-WM in Russland hat der Dopingexperte und Journalist Hajo Seppelt seine Kollegen dazu aufgerufen, f\u00fcr ihre Pressefreiheit zu k\u00e4mpfen. Sie d\u00fcrften nicht akzeptieren, dass freie Berichterstattung nicht zugelassen werde.<br \/>\nVon: Frederike L\u00fcbke. \u2013 Christliches Medienmagazin pro, 29.06.2018<br \/>\n<a class=\"linkified\" href=\"https:\/\/www.pro-medienmagazin.de\/medien\/journalismus\/2018\/06\/29\/dopingexperte-journalisten-muessen-fuer-pressefreiheit-kaempfen\/\" target=\"_blank\" rel=\"noopener noreferrer\">www.pro-medienmagazin.de\/medien\/journalismus\/2018\/06\/29\/dopingexperte-journalisten-muessen-fuer-pressefreiheit-kaempfen\/<\/a><\/p>\n<p>&nbsp;<\/p>\n<p><strong>Speziell zur Leuchtturmverleihung 2018 an das MeToo-Rechercheteam der ZEIT, stellvertretend an Jana Simon, Annabel Wahba und Christian Fuchs:<\/strong><\/p>\n<p>Die Zeit erh\u00e4lt Preis f\u00fcr Missbrauchs-Berichte \u00fcber Dieter Wedel<br \/>\nDas MeToo-Rechercheteam der Wochenzeitung Die Zeit und dem Zeit Magazin hat den \u201cLeuchtturm f\u00fcr besondere publizistische Leistungen\u201d erhalten. Damit wurde die Berichterstattung \u00fcber die Missbrauchsvorw\u00fcrfe gegen den Regisseur Dieter Wedel ausgezeichnet.<br \/>\nVon: Frederike L\u00fcbke. \u2013 Christliches Medienmagazin pro, 29.06.2018<br \/>\n<a class=\"linkified\" href=\"https:\/\/www.pro-medienmagazin.de\/medien\/journalismus\/2018\/06\/29\/die-zeit-erhaelt-preis-fuer-missbrauchs-berichte-ueber-dieter-wedel\/\" target=\"_blank\" rel=\"noopener noreferrer\">www.pro-medienmagazin.de\/medien\/journalismus\/2018\/06\/29\/die-zeit-erhaelt-preis-fuer-missbrauchs-berichte-ueber-dieter-wedel\/<\/a><\/p>\n<p>Leuchtturm-Preis: Wedel-Recherche der ZEIT ausgezeichnet<br \/>\nFaktenorientiert und von \u201cimmenser Wucht\u201d: Die MeToo-Recherchen der ZEIT \u00fcber die Vorw\u00fcrfe gegen den Regisseur Dieter Wedel wurden mit dem Leuchtturm-Preis gew\u00fcrdigt.<br \/>\nZeit Online, 19.06.2018<br \/>\n<a class=\"linkified\" href=\"https:\/\/www.zeit.de\/kultur\/2018-06\/leuchtturm-journalistenpreis-netzwerk-recherche-dieter-wedel-berichterstattung-zeit-ehrung\" target=\"_blank\" rel=\"noopener noreferrer\">www.zeit.de\/kultur\/2018-06\/leuchtturm-journalistenpreis-netzwerk-recherche-dieter-wedel-berichterstattung-zeit-ehrung<\/a><\/p>\n<p>&nbsp;<\/p>\n<p><strong>Speziell zur Austerverleihung 2018 an Harry Ebert (B\u00fcrgermeister von Burladingen):<\/strong><\/p>\n<p>Verschlossene Auster<br \/>\nWarum Journalisten einem AfD-B\u00fcrgermeister einen Negativpreis verleihen<br \/>\nCarl-Friedrich H\u00f6ck. \u2013 Demo, 02.07.2018<br \/>\n<a class=\"linkified\" href=\"https:\/\/www.demo-online.de\/artikel\/journalisten-afd-buergermeister-negativpreis-verleihen\" target=\"_blank\" rel=\"noopener noreferrer\">www.demo-online.de\/artikel\/journalisten-afd-buergermeister-negativpreis-verleihen<\/a><\/p>\n<p>Journalistenvereinigung Netzwerk Recherche: Burladinger B\u00fcrgermeister Ebert erh\u00e4lt \u201cVerschlossene Auster\u201d<br \/>\nDrei Tage lang haben rund 700 Journalisten in Hamburg beim Jahrestreffen von Netzwerks Recherche \u00fcber wichtige Fragen ihres Berufs gesprochen. Die \u201cVerschlossene Auster\u201d sollte ein Kommunalpolitiker aus dem Zollernalbkreis bekommen.<br \/>\nS\u00dcDKURIER Online, 01.07.2018<br \/>\n<a class=\"linkified\" href=\"https:\/\/www.suedkurier.de\/region\/linzgau\/zollernalbkreis\/Journalistenvereinigung-Netzwerk-Recherche-Burladinger-Buergermeister-Ebert-erhaelt-Verschlossene-Auster%3Bart372549,9799084\" target=\"_blank\" rel=\"noopener noreferrer\">www.suedkurier.de\/region\/linzgau\/zollernalbkreis\/Journalistenvereinigung-Netzwerk-Recherche-Burladinger-Buergermeister-Ebert-erhaelt-Verschlossene-Auster%3Bart372549,9799084<\/a><\/p>\n<p>Gr\u00f6\u00dfter Informationsblockierer ist ein B\u00fcrgermeister<br \/>\nDer Negativpreis \u201cVerschlossenen Auster\u201d der Journalistenvereinigung Netzwerk Recherche geht in diesem Jahr an den B\u00fcrgermeister von Burladingen, Harry Ebert. Das gab die Vereinigung auf ihrer Jahrestagung am Samstag, 30. Juni, in Hamburg bekannt.<br \/>\nVon Friederike L\u00fcbke. \u2013 Christliches Medienmagazin pro, 01.07.2018<br \/>\n<a class=\"linkified\" href=\"https:\/\/www.pro-medienmagazin.de\/medien\/journalismus\/2018\/07\/01\/groesster-informationsblockierer-ist-ein-buergermeister\/\" target=\"_blank\" rel=\"noopener noreferrer\">www.pro-medienmagazin.de\/medien\/journalismus\/2018\/07\/01\/groesster-informationsblockierer-ist-ein-buergermeister\/<\/a><\/p>\n<p>Der Preis f\u00fcr Auskunftsverweigung: \u201cVerschlossene Auster\u201d<br \/>\nIn Hamburg treffen sich beim NDR hunderte Journalistinnen und Journalisten zur Jahrestagung von Netzwerk Recherche. Was im Jahr 2002 ganz klein begann, hat sich l\u00e4ngst zu einem wichtigen Medienkongress entwickelt. Auf der diesj\u00e4hrigen Tagung, die unter dem Motto \u201cAlternative: Fakten!\u201d steht, wird u.a. die \u201cVerschlossenen Auster\u201d f\u00fcr den Kommunikationsverhinderer des Jahres verliehen.<br \/>\nrbb24, 01.07.2018<br \/>\nwww.inforadio.de\/programm\/schema\/sendungen\/medienmagazin\/201807\/249342.html<\/p>\n<p>\u201cVerschlossene Auster\u201d: Netzwerk Recherche vergibt Negativ-Preis<br \/>\n<a class=\"linkified\" href=\"http:\/\/tagesschau.de\/\" target=\"_blank\" rel=\"noopener noreferrer\">tagesschau.de<\/a>, 30.06.2018<br \/>\n<a class=\"linkified\" href=\"https:\/\/www.tagesschau.de\/multimedia\/video\/video-420335.html\" target=\"_blank\" rel=\"noopener noreferrer\">www.tagesschau.de\/multimedia\/video\/video-420335.html<\/a><br \/>\nwww.tagesschau.de\/multimedia\/video\/video-420255.html<br \/>\n<a class=\"linkified\" href=\"https:\/\/web.archive.org\/web\/20180703194445\/http:\/\/www.tagesschau.de:80\/multimedia\/sendung\/ts-26327.html\" target=\"_blank\" rel=\"noopener noreferrer\">www.tagesschau.de\/multimedia\/sendung\/ts-26327.html<\/a><br \/>\n<a class=\"linkified\" href=\"https:\/\/www.tagesschau.de\/multimedia\/sendung\/ts-26331.html\" target=\"_blank\" rel=\"noopener noreferrer\">www.tagesschau.de\/multimedia\/sendung\/ts-26331.html<\/a><\/p>\n<p>Netzwerk Recherche verleiht Harry Ebert Negativpreis<br \/>\nDas Netzwerk Recherche hat am Samstag Burladingens B\u00fcrgermeister Harry Ebert in Hamburg mit dem Negativpreis \u201cVerschlossene Auster\u201d ausgezeichnet.<br \/>\nVon Michael W\u00fcrz. \u2013 Zoller-Alb-Kurier, 30.06.2018<br \/>\n<a class=\"linkified\" href=\"http:\/\/www.zak.de\/artikel\/details\/425800\/Hamburg-Netzwerk-Recherche-verleiht-Harry-Ebert-Negativpreis-Verschlossene-Auster\" target=\"_blank\" rel=\"noopener noreferrer\">www.zak.de\/artikel\/details\/425800\/Hamburg-Netzwerk-Recherche-verleiht-Harry-Ebert-Negativpreis-Verschlossene-Auster<\/a><\/p>\n<p>\u201cVerschlossene Auster\u201d geht an Harry Ebert<br \/>\nSchwarzw\u00e4lder Bote, 30.06.2018<br \/>\n<a class=\"linkified\" href=\"https:\/\/www.schwarzwaelder-bote.de\/inhalt.burladingen-verschlossene-auster-geht-an-harry-ebert.270fe319-862e-44aa-ade5-a5e0a59f1fd2.html\" target=\"_blank\" rel=\"noopener noreferrer\">www.schwarzwaelder-bote.de\/inhalt.burladingen-verschlossene-auster-geht-an-harry-ebert.270fe319-862e-44aa-ade5-a5e0a59f1fd2.html<\/a><\/p>\n<p>\u201cVerschlossene Auster\u201d geht nach Burladingen<br \/>\nB\u00fcrgermeister Ebert erh\u00e4lt Negativ-Preis der Journalisten<br \/>\nStuttgarter Zeitung, 30.06.2018<br \/>\n<a class=\"linkified\" href=\"https:\/\/www.stuttgarter-zeitung.de\/inhalt.verschlossene-auster-geht-nach-burladingen-buergermeister-ebert-erhaelt-negativ-preis-der-journalisten.8fd6e798-aa91-44d7-bb69-1f00cf21e9be.html\" target=\"_blank\" rel=\"noopener noreferrer\">www.stuttgarter-zeitung.de\/inhalt.verschlossene-auster-geht-nach-burladingen-buergermeister-ebert-erhaelt-negativ-preis-der-journalisten.8fd6e798-aa91-44d7-bb69-1f00cf21e9be.html<\/a><\/p>\n<p>\u201cVerschlossene Auster\u201d : AfD-Mann m\u00e4ht Rasen statt Preis in Hamburg abzuholen<br \/>\nDas Netzwerk Recherche verleiht ihm die Negativauszeichnung \u201cVerschlossene Auster\u201d f\u00fcr selbstherrlichen Umgang mit der Presse.<br \/>\nHamburger Abendblatt, 30.06.2018<br \/>\n<a class=\"linkified\" href=\"https:\/\/www.abendblatt.de\/hamburg\/article214728837\/AfD-Mann-maeht-Rasen-statt-Negativpreis-in-Hamburg-abzuholen.html\" target=\"_blank\" rel=\"noopener noreferrer\">www.abendblatt.de\/hamburg\/article214728837\/AfD-Mann-maeht-Rasen-statt-Negativpreis-in-Hamburg-abzuholen.html<\/a><\/p>\n<p>B\u00fcrgermeister Ebert erh\u00e4lt Negativ-Journalistenpreis<br \/>\nDie Welt, 30.06.2018<br \/>\n<a class=\"linkified\" href=\"https:\/\/www.welt.de\/regionales\/baden-wuerttemberg\/article178525716\/Buergermeister-Ebert-erhaelt-Negativ-Journalistenpreis.html\" target=\"_blank\" rel=\"noopener noreferrer\">www.welt.de\/regionales\/baden-wuerttemberg\/article178525716\/Buergermeister-Ebert-erhaelt-Negativ-Journalistenpreis.html<\/a><\/p>\n<p>\u201cVerschlossene Auster\u201d wird vergeben<br \/>\nDie Journalistenvereinigung \u201cNetzwerk Recherche\u201d vergibt am Sonnabend in Hamburg zum 17. Mal ihren Negativ-Preis \u201cVerschlossene Auster\u201d.<br \/>\nTageblatt-online, 29.06.2018<br \/>\n<a class=\"linkified\" href=\"https:\/\/www.tageblatt.de\/lokales\/hamburg\/hamburg-artikel_artikel,-%25E2%2580%259EVerschlossene-Auster%25E2%2580%259C-wird-vergeben-_arid,1376897.html\" target=\"_blank\" rel=\"noopener noreferrer\">www.tageblatt.de\/lokales\/hamburg\/hamburg-artikel_artikel,-%25E2%2580%259EVerschlossene-Auster%25E2%2580%259C-wird-vergeben-_arid,1376897.html<\/a><\/p>\n<p>Verschlossene Auster f\u00fcr AfD-B\u00fcrgermeister<br \/>\nMenschen Machen Medien (ver.di), 02. Juli 2018<br \/>\n<a href=\"https:\/\/mmm.verdi.de\/beruf\/verschlossene-auster-fuer-afd-buergermeister-51773\">https:\/\/mmm.verdi.de\/beruf\/verschlossene-auster-fuer-afd-buergermeister-51773<\/a><\/p>\n","protected":false},"excerpt":{"rendered":"<p>Pressespiegel zur nr-Jahreskonferenz 2018: Zur Konferenz: Ich mache jetzt was mit Medien! : Lokaljournalismus Bei einer Journalistentagung feiern sich Medienmacher f\u00fcr ihre kritische Berichterstattung. Kompakter kann man ein Kernproblem des Lokaljournalismus nicht formulieren Juliane Wiedemeier. \u2013 der Freitag, Ausgabe 27\/2018 www.freitag.de\/autoren\/der-freitag\/ich-mache-jetzt-was-mit-medien Frauen in der Medienbranche, Medien \u00fcber den Brexit Die Sendung zum Nachh\u00f6ren. \u2013 Deutschlandfunk, [&hellip;]<\/p>\n","protected":false},"author":5,"featured_media":0,"parent":11710,"menu_order":0,"comment_status":"open","ping_status":"closed","template":"","meta":{"_acf_changed":false,"footnotes":""},"class_list":["post-14088","page","type-page","status-publish","hentry"],"acf":[],"_links":{"self":[{"href":"https:\/\/netzwerkrecherche.org\/nr-termine-archive\/wp-json\/wp\/v2\/pages\/14088","targetHints":{"allow":["GET"]}}],"collection":[{"href":"https:\/\/netzwerkrecherche.org\/nr-termine-archive\/wp-json\/wp\/v2\/pages"}],"about":[{"href":"https:\/\/netzwerkrecherche.org\/nr-termine-archive\/wp-json\/wp\/v2\/types\/page"}],"author":[{"embeddable":true,"href":"https:\/\/netzwerkrecherche.org\/nr-termine-archive\/wp-json\/wp\/v2\/users\/5"}],"replies":[{"embeddable":true,"href":"https:\/\/netzwerkrecherche.org\/nr-termine-archive\/wp-json\/wp\/v2\/comments?post=14088"}],"version-history":[{"count":5,"href":"https:\/\/netzwerkrecherche.org\/nr-termine-archive\/wp-json\/wp\/v2\/pages\/14088\/revisions"}],"predecessor-version":[{"id":31728,"href":"https:\/\/netzwerkrecherche.org\/nr-termine-archive\/wp-json\/wp\/v2\/pages\/14088\/revisions\/31728"}],"up":[{"embeddable":true,"href":"https:\/\/netzwerkrecherche.org\/nr-termine-archive\/wp-json\/wp\/v2\/pages\/11710"}],"wp:attachment":[{"href":"https:\/\/netzwerkrecherche.org\/nr-termine-archive\/wp-json\/wp\/v2\/media?parent=14088"}],"curies":[{"name":"wp","href":"https:\/\/api.w.org\/{rel}","templated":true}]}}