{"id":36675,"date":"2024-07-22T11:21:57","date_gmt":"2024-07-22T09:21:57","guid":{"rendered":"https:\/\/netzwerkrecherche.org\/nr-termine-archive\/?page_id=36675"},"modified":"2024-10-02T12:07:29","modified_gmt":"2024-10-02T10:07:29","slug":"pressespiegel","status":"publish","type":"page","link":"https:\/\/netzwerkrecherche.org\/nr-termine-archive\/termine\/konferenzen\/jahreskonferenzen\/nr24\/pressespiegel\/","title":{"rendered":"Pressespiegel"},"content":{"rendered":"<h3><strong>Pressespiegel zur NR-Jahreskonferenz 2024:<\/strong><\/h3>\n<p><strong>Zur Konferenz:<\/strong><\/p>\n<p><a href=\"https:\/\/www.ndr.de\/nachrichten\/info\/Daniel-Drepper-Gute-Recherche-braucht-Zeit-und-Ruecken,netzwerkrecherche146.html\">Daniel Drepper: &#8220;Gute Recherche braucht Zeit und R\u00fccken&#8221;<\/a><br \/>\nNDR info, 20.07.2024<\/p>\n<p><a href=\"https:\/\/www.avrupa-postasi.com\/gazetecilik-konferansi-arastirmaci-gazeteciligin-gelecegi-konusuldu\"> ALMANYA: Gazetecilik konferans\u0131: Ara\u015ft\u0131rmac\u0131 gazetecili\u011fin gelece\u011fi konu\u015fuldu<\/a><br \/>\navrupa-postasi, 20.07.2024<\/p>\n<p><a href=\"https:\/\/mmm.verdi.de\/aktuelle-meldungen\/recherchen-fuer-die-demokratie-98191\">Recherchen f\u00fcr die Demokratie<\/a><br \/>\nMenschen Machen Medien (ver.di) von B\u00e4rbel R\u00f6ben, 25.07.2024<\/p>\n<p>&nbsp;<\/p>\n<p class=\"article-header-author\"><strong>Speziell zur Leuchtturmverleihung 2024 f\u00fcr Correctiv-Recherche \u201eGeheimplan gegen Deutschland\u201c:<\/strong><\/p>\n<p><a href=\"https:\/\/medien.epd.de\/article\/1563\">Leuchttrum-Preis f\u00fcr Correctiv<\/a><br \/>\nEvangelischer Pressedienst epd medien, 15.07.2024<\/p>\n<p><a href=\"https:\/\/www.newsroom.de\/news\/aktuelle-meldungen\/vermischtes-3\/netzwerk-recherche-zeichnet-bericht-ueber-rechten-treffen-aus-963088\/\">Netzwerk Recherche zeichnet Bericht \u00fcber Rechten-Treffen aus<\/a><br \/>\nnewsroom.de, 15.07.2024<\/p>\n<p><a href=\"https:\/\/www.badische-zeitung.de\/leuchtturm-fuer-correctiv-recherche\">&#8220;Leuchtturm&#8221; f\u00fcr Correctiv-Recherche<\/a><br \/>\nBadische Zeitung, 16.07.2024<\/p>\n<p><a href=\"https:\/\/bildblog.de\/144301\/faeser-verbietet-compact-bvg-erreicht-endstation-leuchtturm\/\">6 vor 9:\u00a0 Faeser verbietet \u201cCompact\u201d, BVG erreicht Endstation, \u201cLeuchtturm\u201d<\/a><br \/>\nbildblog.de, 16.07.2024<\/p>\n<p><a href=\"https:\/\/www.pressreader.com\/germany\/templiner-zeitung-9BMW\/20240717\/281599540731005\">Netzwerk Recherche zeichnet Bericht \u00fcber Rechten-Treffen aus<\/a><br \/>\nUckermark Kurier Templiner Zeitung, 17.07.2024<\/p>\n<p><a href=\"https:\/\/web.de\/magazine\/politik\/netzwerk-recherche-zeichnet-bericht-rechten-treffen-39891274\">Medien: Netzwerk Recherche zeichnet Bericht \u00fcber Rechten-Treffen aus<\/a><br \/>\nWEB.DE, 15.07.2024<\/p>\n<p><a href=\"https:\/\/correctiv.org\/in-eigener-sache\/2024\/07\/20\/correctiv-erhaelt-den-leuchtturm-fuer-besondere-publizistische-leistungen-2024\/\">In eigener Sache: CORRECTIV erh\u00e4lt den Leuchtturm f\u00fcr besondere publizistische Leistungen 2024<\/a> sowie<br \/>\n<a href=\"https:\/\/correctiv.org\/in-eigener-sache\/2024\/07\/24\/laudatio-von-oezge-inan-zum-leuchtturm-fuer-besondere-publizistische-leistungen-2024\/\">In eigener Sache: Laudatio von \u00d6zge Inan zum Leuchtturm f\u00fcr besondere publizistische Leistungen 2024<\/a><br \/>\nCorrectiv, 20.07.2024 \/ 24.07.2024<\/p>\n<p><a href=\"https:\/\/uebermedien.de\/97285\/der-correctiv-bericht-verdient-nicht-preise-sondern-kritik-und-endlich-eine-echte-debatte\/\">Potsdamer \u201eGeheimtreffen\u201c: Der Correctiv-Bericht verdient nicht Preise, sondern Kritik \u2013 und endlich eine echte Debatte<\/a><br \/>\n\u00dcbermedien von Christoph Kucklick, Stefan Niggemeier und Felix W. Zimmermann, 30.07.2024<\/p>\n<p>in der MDR-Kolumne \u201eDas Altpapier\u201c vom <a href=\"https:\/\/www.mdr.de\/altpapier\/das-altpapier-3768.html#sprung2\">31.07.2024, geschrieben von Ren\u00e9 Martens<\/a> sowie vom <a href=\"https:\/\/www.mdr.de\/altpapier\/das-altpapier-3778.html#sprung0\">05.08.2024, geschrieben von Johanna Bernklau<\/a><\/p>\n<div class=\"c-article-header__overline\"><a href=\"https:\/\/www.welt.de\/kultur\/plus252783024\/Potsdamer-Geheimtreffen-Das-Korrektiv-zu-Correctiv.html\"><span class=\"c-article-header__topic\">Potsdamer \u201eGeheimtreffen\u201c: <\/span>Das Korrektiv zu \u201eCorrectiv\u201c<\/a> (nur mit Abo \u20ac)<br \/>\nWelt von<span class=\"c-article-header__author-by\"> Mladen Gladi\u0107<\/span>, <span class=\"c-article-header__footer\"><span class=\"c-article-header__date\">02.08.2024 <\/span><\/span><\/div>\n<p><a href=\"https:\/\/kress.de\/news\/beitrag\/147800-quot-geheimplan-gegen-deutschland-quot-die-grosse-debatte-um-die-correctiv-recherche.html\">&#8220;Geheimplan gegen Deutschland&#8221;: Die gro\u00dfe Debatte um die Correctiv-Recherche<\/a><br \/>\nkress von Henning Kornfeld, 05.08.2024<\/p>\n<p><a href=\"https:\/\/taz.de\/Kritik-zu-Correctiv-Recherche\/!6024934\/\"> Kritik zu \u201eCorrectiv\u201c-Recherche: Peinliches Penisfechten<\/a><br \/>\ntaz von Carolina-Schwarz, <span class=\"c-article-header__footer\"><span class=\"c-article-header__date\">02.08.2024 <\/span><\/span><\/p>\n<p><a href=\"https:\/\/www.spiegel.de\/kultur\/correctiv-und-rechtsextreme-serioesem-journalismus-muss-die-wirkung-seiner-arbeit-egal-sein-a-20f3ae0a-45a2-4408-b7aa-8769035a55af\">\u00bbCorrectiv\u00ab und die Folgen: Seri\u00f6sem Journalismus muss die Wirkung seiner Arbeit egal sein<\/a> (nur mit Abo \u20ac)<br \/>\nSPIEGEL \u2013 Gastbeitrag von Stefan Niggemeier, 01.08.2024<\/p>\n<p><a href=\"https:\/\/www.sueddeutsche.de\/medien\/correctiv-uebermedien-remigration-kritik-lux.7cAJNmKPZXTtiyVy4ho9BK?reduced=true\">Investigativ-Medienunternehmen Correctiv: Eine Recherche mit Peng<\/a> (nur mit Abo \u20ac)<br \/>\nS\u00fcddeutsche Zeitung, von Hans-J\u00fcrgen Jakobs, 02.08.2024<\/p>\n<p>&nbsp;<\/p>\n<p><strong>Speziell zur Austerverleihung 2024 an Volker Wissing und das Bundesverkehrsministerium:<br \/>\n<\/strong><\/p>\n<p><a href=\"https:\/\/www.tagesschau.de\/inland\/regional\/hamburg\/netzwerk-recherche-negativpreis-wissing-100.html\">Verkehrsminister Wissing erh\u00e4lt Negativpreis von &#8220;Netzwerk Recherche&#8221;<\/a><br \/>\ntagesschau.de, 20.07.2024<\/p>\n<p><a href=\"https:\/\/www.ndr.de\/903\/Netzwerk-Recherche-Verkehrsminister-Volker-Wissing-erhaelt-Negativpreis,audio1678958.html\">&#8220;Netzwerk Recherche&#8221;: Verkehrsminister Volker Wissing erh\u00e4lt Negativpreis<\/a><br \/>\nNDR, 20.07.2024<\/p>\n<p><a href=\"https:\/\/www.google.com\/url?rct=j&amp;sa=t&amp;url=https:\/\/www.t-online.de\/region\/hamburg\/id_100452838\/netzwerk-recherche-verleiht-negativpreis-verschlossene-auster-an-volker-wissing.html&amp;ct=ga&amp;cd=CAEYBSoUMTczMDEyNjY1ODE5Njc4NDkwNzMyGWUzNzhmZjBiYmYxZjJhZDY6ZGU6ZGU6REU&amp;usg=AOvVaw1Um1bJKhau7WZlrSl84QLR\" target=\"_blank\" rel=\"noopener\">Negativpreis verliehen: Journalisten k\u00fcren Volker Wissing zur &#8220;verschlossenen Auster&#8221;<\/a><br \/>\nT-online, 20.07.2024<\/p>\n<p><a href=\"https:\/\/www.mopo.de\/news\/politik-wirtschaft\/in-hamburg-wissing-bekommt-journalistischen-negativpreis\/\">In Hamburg \u201eausgezeichnet\u201c: Minister Wissing bekommt journalistischen Negativpreis<\/a><br \/>\nMOPO,\u00a0 20.07.2024<\/p>\n<p><a href=\"https:\/\/www.evangelische-zeitung.de\/wissing-bekommt-negativpreis-als-informations-blockierer\">Wissing erh\u00e4lt Negativpreis \u2013 Ministerium weist Vorw\u00fcrfe zur\u00fcck<\/a><br \/>\nEvangelische Zeitung, 20.07.2024<\/p>\n<p><a href=\"https:\/\/www.businessinsider.de\/wirtschaft\/netzwerk-recherche-negativpreis-fuer-verkehrsminister-volker-wissing\/\">Informationsblockierer des Jahres: Netzwerk Recherche verleiht \u201eVerschlossene Auster\u201c an Verkehrsminister Wissing<\/a><br \/>\ninklusive <a href=\"https:\/\/youtu.be\/_cXQMr_eFM4?si=8xIzmAgn4GbCfVHG\">Video<\/a> und <a href=\"https:\/\/shows.acast.com\/6610111dda0a08001611e540\/66101126431f940016d811d5\">Podcast<\/a><br \/>\nBusiness Insider Deutschland, 21.07.2024<\/p>\n<p><a href=\"https:\/\/bildblog.de\/date\/2024\/07\/22\/\">6 vor 9: Verschlossene Auster Wissing, Funzel statt Leuchtturm, Trump-Foto<\/a><br \/>\nbildblog.de, 22.07.2024<\/p>\n<p><a href=\"https:\/\/www.meedia.de\/medien\/verschlossene-auster-wissing-erhaelt-negativpreis-ministerium-weist-vorwuerfe-zurueck-abe7701adf44525fdd65f72ef5169b3d\">Verschlossene Auster: Wissing erh\u00e4lt Negativpreis &#8211; Ministerium weist Vorw\u00fcrfe zur\u00fcck<\/a><br \/>\nKNA Mediendienst, 22.07.2024<\/p>\n<p><a href=\"https:\/\/www.kontextwochenzeitung.de\/editorial\/695\/unsinnig-und-verfassungswidrig-9658.html\">Unsinnig und verfassungswidrig<\/a><br \/>\nKONTEXT:Wochenzeitung (Ausgabe 695),\u00a024.07.2024<\/p>\n<p><a href=\"https:\/\/www.kom.de\/news-praxis\/negativpreis-fuers-verkehrsministerium\/\">Preisverleihung: Negativpreis f\u00fcrs Verkehrsministerium<\/a><br \/>\nKOM &#8211; Magazin f\u00fcr Kommunikation, 22.07.2024<\/p>\n<p><a href=\"https:\/\/www.epd.de\/ueberregional\/schwerpunkt\/medien\/negativpreis-verschlossene-auster-fuer-verkehrsminister-wissing\"><span class=\"field field--name-title field--type-string field--label-hidden\">Negativpreis &#8220;Verschlossene Auster&#8221; f\u00fcr Verkehrsminister Wissing<\/span><\/a><br \/>\nEvangelischer Pressedienst epd<\/p>\n<p>&nbsp;<\/p>\n<h4>Speziell zur Verleihung des Deutschen Preises f\u00fcr Klimajournalismus<\/h4>\n<p><a href=\"https:\/\/www.mainpost.de\/regional\/wuerzburg\/recherche-ueber-wasserentnahmen-ausgezeichnet-preis-fuer-klimajournalismus-geht-an-team-aus-br-und-main-post-art-11575794\">Recherche \u00fcber Wasserentnahmen ausgezeichnet: Preis f\u00fcr Klimajournalismus geht an Team aus BR und Main-Post<\/a><br \/>\nMain-Post von Benjamin Stahl, 23.07.2024<\/p>\n<p>&nbsp;<\/p>\n<h4>Speziell zu Entscheidungen der Mitgliederversammlung:<\/h4>\n<p><a href=\"https:\/\/www.faz.net\/aktuell\/feuilleton\/medien\/netzwerk-recherche-schliesst-hubert-seipel-aus-19869383.html\">Journalistenvereinigung schlie\u00dft Putin-Fan Seipel aus<\/a><br \/>\nFAZ.NET, 20.07.2024<\/p>\n<p><a href=\"https:\/\/www.google.com\/url?rct=j&amp;sa=t&amp;url=https:\/\/www.zeit.de\/arbeit\/2024-07\/hubert-seipel-netzwerk-recherche-ausschluss-journalistenverband&amp;ct=ga&amp;cd=CAEYAioUMTczMDEyNjY1ODE5Njc4NDkwNzMyGWUzNzhmZjBiYmYxZjJhZDY6ZGU6ZGU6REU&amp;usg=AOvVaw2SIHHmz68LPCkl2Vo18q3V\" target=\"_blank\" rel=\"noopener\">Netzwerk Recherche: Journalistenvereinigung schlie\u00dft Hubert Seipel aus <\/a><br \/>\nZEIT ONLINE, 20.07.2024<\/p>\n<p><a href=\"https:\/\/www.google.com\/url?rct=j&amp;sa=t&amp;url=https:\/\/www.deutschlandfunk.de\/journalistenvereinigung-schliesst-putin-biograf-seipel-aus-102.html&amp;ct=ga&amp;cd=CAEYAyoUMTczMDEyNjY1ODE5Njc4NDkwNzMyGWUzNzhmZjBiYmYxZjJhZDY6ZGU6ZGU6REU&amp;usg=AOvVaw0bbGnOpuDjhcVqy8cWhADK\" target=\"_blank\" rel=\"noopener\">\u201eNetzwerk Recherche\u201c \u2013 Journalistenvereinigung schlie\u00dft Putin-Biograf Seipel aus<\/a><br \/>\nDeutschlandfunk, 21.07.2024<\/p>\n<p><a href=\"https:\/\/web.de\/magazine\/politik\/journalistenvereinigung-schliesst-putin-biograf-seipel-39911928\">Journalistenvereinigung schlie\u00dft Putin-Biograf Seipel aus<\/a><br \/>\nWEB.DE, 20.07.2024<\/p>\n<p><a href=\"https:\/\/www.turi2.de\/heute\/turi2-am-morgen-philipp-welte-hubert-seipel-biden-berichterstattung\/\">turi2 am Morgen: Philipp Welte, Hubert Seipel, Biden-Berichterstattung.<\/a><br \/>\nTuri2 von Markus Trantow, <time class=\"entry-date\" datetime=\"2024-07-22T07:09:12+02:00\">22.07.2024<\/time><\/p>\n<p>&nbsp;<\/p>\n","protected":false},"excerpt":{"rendered":"<p>Pressespiegel zur NR-Jahreskonferenz 2024: Zur Konferenz: Daniel Drepper: &#8220;Gute Recherche braucht Zeit und R\u00fccken&#8221; NDR info, 20.07.2024 ALMANYA: Gazetecilik konferans\u0131: Ara\u015ft\u0131rmac\u0131 gazetecili\u011fin gelece\u011fi konu\u015fuldu avrupa-postasi, 20.07.2024 Recherchen f\u00fcr die Demokratie Menschen Machen Medien (ver.di) von B\u00e4rbel R\u00f6ben, 25.07.2024 &nbsp; Speziell zur Leuchtturmverleihung 2024 f\u00fcr Correctiv-Recherche \u201eGeheimplan gegen Deutschland\u201c: Leuchttrum-Preis f\u00fcr Correctiv Evangelischer Pressedienst epd medien, [&hellip;]<\/p>\n","protected":false},"author":1,"featured_media":36519,"parent":34986,"menu_order":0,"comment_status":"open","ping_status":"closed","template":"","meta":{"_acf_changed":false,"footnotes":""},"class_list":["post-36675","page","type-page","status-publish","has-post-thumbnail","hentry"],"acf":[],"_links":{"self":[{"href":"https:\/\/netzwerkrecherche.org\/nr-termine-archive\/wp-json\/wp\/v2\/pages\/36675","targetHints":{"allow":["GET"]}}],"collection":[{"href":"https:\/\/netzwerkrecherche.org\/nr-termine-archive\/wp-json\/wp\/v2\/pages"}],"about":[{"href":"https:\/\/netzwerkrecherche.org\/nr-termine-archive\/wp-json\/wp\/v2\/types\/page"}],"author":[{"embeddable":true,"href":"https:\/\/netzwerkrecherche.org\/nr-termine-archive\/wp-json\/wp\/v2\/users\/1"}],"replies":[{"embeddable":true,"href":"https:\/\/netzwerkrecherche.org\/nr-termine-archive\/wp-json\/wp\/v2\/comments?post=36675"}],"version-history":[{"count":11,"href":"https:\/\/netzwerkrecherche.org\/nr-termine-archive\/wp-json\/wp\/v2\/pages\/36675\/revisions"}],"predecessor-version":[{"id":36952,"href":"https:\/\/netzwerkrecherche.org\/nr-termine-archive\/wp-json\/wp\/v2\/pages\/36675\/revisions\/36952"}],"up":[{"embeddable":true,"href":"https:\/\/netzwerkrecherche.org\/nr-termine-archive\/wp-json\/wp\/v2\/pages\/34986"}],"wp:featuredmedia":[{"embeddable":true,"href":"https:\/\/netzwerkrecherche.org\/nr-termine-archive\/wp-json\/wp\/v2\/media\/36519"}],"wp:attachment":[{"href":"https:\/\/netzwerkrecherche.org\/nr-termine-archive\/wp-json\/wp\/v2\/media?parent=36675"}],"curies":[{"name":"wp","href":"https:\/\/api.w.org\/{rel}","templated":true}]}}