{"id":44,"date":"2014-06-21T20:31:26","date_gmt":"2014-06-21T18:31:26","guid":{"rendered":"https:\/\/netzwerkrecherche.org\/nr-termine-archive\/?page_id=44"},"modified":"2024-10-02T13:10:54","modified_gmt":"2024-10-02T11:10:54","slug":"koeln","status":"publish","type":"page","link":"https:\/\/netzwerkrecherche.org\/nr-termine-archive\/termine\/stammtische\/koeln\/","title":{"rendered":"K\u00f6ln"},"content":{"rendered":"<h3>Stammtisch K\u00f6ln<\/h3>\n<p>Der Stammtisch ist offen f\u00fcr alle Interessierte, NR-Mitgliedschaft ist also keine Voraussetzung. Damit wir absehen k\u00f6nnen, wie gro\u00df die Runde wird, bitten wir bei Interesse um eine kurze Mail an: <a href=\"mailto:stammtisch-koeln@netzwerkrecherche.de\">stammtisch-koeln@netzwerkrecherche.de<\/a><\/p>\n","protected":false},"excerpt":{"rendered":"<p>Stammtisch K\u00f6ln Der Stammtisch ist offen f\u00fcr alle Interessierte, NR-Mitgliedschaft ist also keine Voraussetzung. Damit wir absehen k\u00f6nnen, wie gro\u00df die Runde wird, bitten wir bei Interesse um eine kurze Mail an: stammtisch-koeln@netzwerkrecherche.de<\/p>\n","protected":false},"author":1,"featured_media":0,"parent":32,"menu_order":0,"comment_status":"open","ping_status":"open","template":"templates\/appointments.php","meta":{"_acf_changed":false,"footnotes":""},"class_list":["post-44","page","type-page","status-publish","hentry"],"acf":[],"_links":{"self":[{"href":"https:\/\/netzwerkrecherche.org\/nr-termine-archive\/wp-json\/wp\/v2\/pages\/44","targetHints":{"allow":["GET"]}}],"collection":[{"href":"https:\/\/netzwerkrecherche.org\/nr-termine-archive\/wp-json\/wp\/v2\/pages"}],"about":[{"href":"https:\/\/netzwerkrecherche.org\/nr-termine-archive\/wp-json\/wp\/v2\/types\/page"}],"author":[{"embeddable":true,"href":"https:\/\/netzwerkrecherche.org\/nr-termine-archive\/wp-json\/wp\/v2\/users\/1"}],"replies":[{"embeddable":true,"href":"https:\/\/netzwerkrecherche.org\/nr-termine-archive\/wp-json\/wp\/v2\/comments?post=44"}],"version-history":[{"count":8,"href":"https:\/\/netzwerkrecherche.org\/nr-termine-archive\/wp-json\/wp\/v2\/pages\/44\/revisions"}],"predecessor-version":[{"id":32941,"href":"https:\/\/netzwerkrecherche.org\/nr-termine-archive\/wp-json\/wp\/v2\/pages\/44\/revisions\/32941"}],"up":[{"embeddable":true,"href":"https:\/\/netzwerkrecherche.org\/nr-termine-archive\/wp-json\/wp\/v2\/pages\/32"}],"wp:attachment":[{"href":"https:\/\/netzwerkrecherche.org\/nr-termine-archive\/wp-json\/wp\/v2\/media?parent=44"}],"curies":[{"name":"wp","href":"https:\/\/api.w.org\/{rel}","templated":true}]}}