{"id":37766,"date":"2024-12-10T14:26:39","date_gmt":"2024-12-10T13:26:39","guid":{"rendered":"https:\/\/netzwerkrecherche.org\/nr25\/?page_id=37766"},"modified":"2025-04-01T11:17:52","modified_gmt":"2025-04-01T09:17:52","slug":"leuchtturm","status":"publish","type":"page","link":"https:\/\/netzwerkrecherche.org\/nr25\/leuchtturm\/","title":{"rendered":"Leuchtturm f\u00fcr besondere publizistische Leistungen"},"content":{"rendered":"\n<p>Vielen Dank f\u00fcr alle Vorschl\u00e4ge! Die Preisverleihung findet am Freitag, den 13. Juni 2025 beim NDR in Hamburg statt.<\/p>\n\n\n\n<p>Einmal pro Jahr vergibt das Netzwerk Recherche den Leuchtturm f\u00fcr besondere publizistische Leistungen. Er zeichnet au\u00dfergew\u00f6hnliche Recherchen aus, die f\u00fcr den \u00f6ffentlichen Diskurs von gro\u00dfer Bedeutung sind. Ausgezeichnet werden besonders Beitr\u00e4ge, die sich mit bislang unbeachteten Themen befassen.&nbsp;<a href=\"https:\/\/netzwerkrecherche.org\/wp-content\/uploads\/2014\/06\/nr-leuchtturm-kriterien.pdf\">Kurzbeschreibung und Kriterien<\/a>&nbsp;als pdf, (82 KB). Alle bisherigen Preistr\u00e4ger:innen und Laudationes k\u00f6nnen <a href=\"https:\/\/netzwerkrecherche.org\/stipendien-preise\/leuchtturm\/\">hier<\/a> abgerufen werden.<\/p>\n\n\n\n<p>\u00dcber die Vergabe des Preises entscheidet eine Jury bestehend aus Mitgliedern des <a href=\"https:\/\/netzwerkrecherche.org\/ueber-uns\/Vorstand\/\">Vorstands von Netzwerk Recherche<\/a>.<\/p>\n","protected":false},"excerpt":{"rendered":"<p>Vielen Dank f\u00fcr alle Vorschl\u00e4ge! Die Preisverleihung findet am Freitag, den 13. Juni 2025 beim NDR in Hamburg statt. Einmal pro Jahr vergibt das Netzwerk Recherche den Leuchtturm f\u00fcr besondere publizistische Leistungen. Er zeichnet au\u00dfergew\u00f6hnliche Recherchen aus, die f\u00fcr den \u00f6ffentlichen Diskurs von gro\u00dfer Bedeutung sind. Ausgezeichnet werden besonders Beitr\u00e4ge, die sich mit bislang unbeachteten [&hellip;]<\/p>\n","protected":false},"author":38,"featured_media":0,"parent":0,"menu_order":0,"comment_status":"closed","ping_status":"closed","template":"","meta":{"footnotes":""},"class_list":["post-37766","page","type-page","status-publish","hentry"],"yoast_head":"<!-- This site is optimized with the Yoast SEO plugin v27.5 - https:\/\/yoast.com\/product\/yoast-seo-wordpress\/ -->\n<title>Leuchtturm f\u00fcr besondere publizistische Leistungen - NR25<\/title>\n<meta name=\"description\" content=\"Netzwerk Recherche sammelt Vorschl\u00e4ge f\u00fcr den Leuchtturm 2025. Einreichungen sind bis zum 31. M\u00e4rz 2025 m\u00f6glich.\" \/>\n<meta name=\"robots\" content=\"index, follow, max-snippet:-1, max-image-preview:large, max-video-preview:-1\" \/>\n<link rel=\"canonical\" href=\"https:\/\/netzwerkrecherche.org\/nr25\/leuchtturm\/\" \/>\n<meta property=\"og:locale\" content=\"de_DE\" \/>\n<meta property=\"og:type\" content=\"article\" \/>\n<meta property=\"og:title\" content=\"Leuchtturm f\u00fcr besondere publizistische Leistungen - NR25\" \/>\n<meta property=\"og:description\" content=\"Netzwerk Recherche sammelt Vorschl\u00e4ge f\u00fcr den Leuchtturm 2025. Einreichungen sind bis zum 31. M\u00e4rz 2025 m\u00f6glich.\" \/>\n<meta property=\"og:url\" content=\"https:\/\/netzwerkrecherche.org\/nr25\/leuchtturm\/\" \/>\n<meta property=\"og:site_name\" content=\"NR25\" \/>\n<meta property=\"article:modified_time\" content=\"2025-04-01T09:17:52+00:00\" \/>\n<meta property=\"og:image\" content=\"https:\/\/netzwerkrecherche.org\/nr25\/wp-content\/uploads\/sites\/23\/2024\/12\/NR25.png\" \/>\n\t<meta property=\"og:image:width\" content=\"8000\" \/>\n\t<meta property=\"og:image:height\" content=\"4500\" \/>\n\t<meta property=\"og:image:type\" content=\"image\/png\" \/>\n<meta name=\"twitter:card\" content=\"summary_large_image\" \/>\n<meta name=\"twitter:label1\" content=\"Gesch\u00e4tzte Lesezeit\" \/>\n\t<meta name=\"twitter:data1\" content=\"1\u00a0Minute\" \/>\n<script type=\"application\/ld+json\" class=\"yoast-schema-graph\">{\"@context\":\"https:\\\/\\\/schema.org\",\"@graph\":[{\"@type\":\"WebPage\",\"@id\":\"https:\\\/\\\/netzwerkrecherche.org\\\/nr25\\\/leuchtturm\\\/\",\"url\":\"https:\\\/\\\/netzwerkrecherche.org\\\/nr25\\\/leuchtturm\\\/\",\"name\":\"Leuchtturm f\u00fcr besondere publizistische Leistungen - NR25\",\"isPartOf\":{\"@id\":\"https:\\\/\\\/netzwerkrecherche.org\\\/nr25\\\/#website\"},\"datePublished\":\"2024-12-10T13:26:39+00:00\",\"dateModified\":\"2025-04-01T09:17:52+00:00\",\"description\":\"Netzwerk Recherche sammelt Vorschl\u00e4ge f\u00fcr den Leuchtturm 2025. Einreichungen sind bis zum 31. M\u00e4rz 2025 m\u00f6glich.\",\"breadcrumb\":{\"@id\":\"https:\\\/\\\/netzwerkrecherche.org\\\/nr25\\\/leuchtturm\\\/#breadcrumb\"},\"inLanguage\":\"de\",\"potentialAction\":[{\"@type\":\"ReadAction\",\"target\":[\"https:\\\/\\\/netzwerkrecherche.org\\\/nr25\\\/leuchtturm\\\/\"]}]},{\"@type\":\"BreadcrumbList\",\"@id\":\"https:\\\/\\\/netzwerkrecherche.org\\\/nr25\\\/leuchtturm\\\/#breadcrumb\",\"itemListElement\":[{\"@type\":\"ListItem\",\"position\":1,\"name\":\"Startseite\",\"item\":\"https:\\\/\\\/netzwerkrecherche.org\\\/nr25\\\/\"},{\"@type\":\"ListItem\",\"position\":2,\"name\":\"Leuchtturm f\u00fcr besondere publizistische Leistungen\"}]},{\"@type\":\"WebSite\",\"@id\":\"https:\\\/\\\/netzwerkrecherche.org\\\/nr25\\\/#website\",\"url\":\"https:\\\/\\\/netzwerkrecherche.org\\\/nr25\\\/\",\"name\":\"NR25\",\"description\":\"Netzwerk Recherche Jahreskonferenz 2025\",\"publisher\":{\"@id\":\"https:\\\/\\\/netzwerkrecherche.org\\\/nr25\\\/#organization\"},\"potentialAction\":[{\"@type\":\"SearchAction\",\"target\":{\"@type\":\"EntryPoint\",\"urlTemplate\":\"https:\\\/\\\/netzwerkrecherche.org\\\/nr25\\\/?s={search_term_string}\"},\"query-input\":{\"@type\":\"PropertyValueSpecification\",\"valueRequired\":true,\"valueName\":\"search_term_string\"}}],\"inLanguage\":\"de\"},{\"@type\":\"Organization\",\"@id\":\"https:\\\/\\\/netzwerkrecherche.org\\\/nr25\\\/#organization\",\"name\":\"Netzwerk Recherche\",\"url\":\"https:\\\/\\\/netzwerkrecherche.org\\\/nr25\\\/\",\"logo\":{\"@type\":\"ImageObject\",\"inLanguage\":\"de\",\"@id\":\"https:\\\/\\\/netzwerkrecherche.org\\\/nr25\\\/#\\\/schema\\\/logo\\\/image\\\/\",\"url\":\"https:\\\/\\\/netzwerkrecherche.org\\\/nr25\\\/wp-content\\\/uploads\\\/sites\\\/19\\\/2024\\\/12\\\/NR-Logo.png\",\"contentUrl\":\"https:\\\/\\\/netzwerkrecherche.org\\\/nr25\\\/wp-content\\\/uploads\\\/sites\\\/19\\\/2024\\\/12\\\/NR-Logo.png\",\"width\":2084,\"height\":926,\"caption\":\"Netzwerk Recherche\"},\"image\":{\"@id\":\"https:\\\/\\\/netzwerkrecherche.org\\\/nr25\\\/#\\\/schema\\\/logo\\\/image\\\/\"}}]}<\/script>\n<!-- \/ Yoast SEO plugin. -->","yoast_head_json":{"title":"Leuchtturm f\u00fcr besondere publizistische Leistungen - NR25","description":"Netzwerk Recherche sammelt Vorschl\u00e4ge f\u00fcr den Leuchtturm 2025. Einreichungen sind bis zum 31. M\u00e4rz 2025 m\u00f6glich.","robots":{"index":"index","follow":"follow","max-snippet":"max-snippet:-1","max-image-preview":"max-image-preview:large","max-video-preview":"max-video-preview:-1"},"canonical":"https:\/\/netzwerkrecherche.org\/nr25\/leuchtturm\/","og_locale":"de_DE","og_type":"article","og_title":"Leuchtturm f\u00fcr besondere publizistische Leistungen - NR25","og_description":"Netzwerk Recherche sammelt Vorschl\u00e4ge f\u00fcr den Leuchtturm 2025. Einreichungen sind bis zum 31. M\u00e4rz 2025 m\u00f6glich.","og_url":"https:\/\/netzwerkrecherche.org\/nr25\/leuchtturm\/","og_site_name":"NR25","article_modified_time":"2025-04-01T09:17:52+00:00","og_image":[{"width":8000,"height":4500,"url":"https:\/\/netzwerkrecherche.org\/nr25\/wp-content\/uploads\/sites\/23\/2024\/12\/NR25.png","type":"image\/png"}],"twitter_card":"summary_large_image","twitter_misc":{"Gesch\u00e4tzte Lesezeit":"1\u00a0Minute"},"schema":{"@context":"https:\/\/schema.org","@graph":[{"@type":"WebPage","@id":"https:\/\/netzwerkrecherche.org\/nr25\/leuchtturm\/","url":"https:\/\/netzwerkrecherche.org\/nr25\/leuchtturm\/","name":"Leuchtturm f\u00fcr besondere publizistische Leistungen - NR25","isPartOf":{"@id":"https:\/\/netzwerkrecherche.org\/nr25\/#website"},"datePublished":"2024-12-10T13:26:39+00:00","dateModified":"2025-04-01T09:17:52+00:00","description":"Netzwerk Recherche sammelt Vorschl\u00e4ge f\u00fcr den Leuchtturm 2025. Einreichungen sind bis zum 31. M\u00e4rz 2025 m\u00f6glich.","breadcrumb":{"@id":"https:\/\/netzwerkrecherche.org\/nr25\/leuchtturm\/#breadcrumb"},"inLanguage":"de","potentialAction":[{"@type":"ReadAction","target":["https:\/\/netzwerkrecherche.org\/nr25\/leuchtturm\/"]}]},{"@type":"BreadcrumbList","@id":"https:\/\/netzwerkrecherche.org\/nr25\/leuchtturm\/#breadcrumb","itemListElement":[{"@type":"ListItem","position":1,"name":"Startseite","item":"https:\/\/netzwerkrecherche.org\/nr25\/"},{"@type":"ListItem","position":2,"name":"Leuchtturm f\u00fcr besondere publizistische Leistungen"}]},{"@type":"WebSite","@id":"https:\/\/netzwerkrecherche.org\/nr25\/#website","url":"https:\/\/netzwerkrecherche.org\/nr25\/","name":"NR25","description":"Netzwerk Recherche Jahreskonferenz 2025","publisher":{"@id":"https:\/\/netzwerkrecherche.org\/nr25\/#organization"},"potentialAction":[{"@type":"SearchAction","target":{"@type":"EntryPoint","urlTemplate":"https:\/\/netzwerkrecherche.org\/nr25\/?s={search_term_string}"},"query-input":{"@type":"PropertyValueSpecification","valueRequired":true,"valueName":"search_term_string"}}],"inLanguage":"de"},{"@type":"Organization","@id":"https:\/\/netzwerkrecherche.org\/nr25\/#organization","name":"Netzwerk Recherche","url":"https:\/\/netzwerkrecherche.org\/nr25\/","logo":{"@type":"ImageObject","inLanguage":"de","@id":"https:\/\/netzwerkrecherche.org\/nr25\/#\/schema\/logo\/image\/","url":"https:\/\/netzwerkrecherche.org\/nr25\/wp-content\/uploads\/sites\/19\/2024\/12\/NR-Logo.png","contentUrl":"https:\/\/netzwerkrecherche.org\/nr25\/wp-content\/uploads\/sites\/19\/2024\/12\/NR-Logo.png","width":2084,"height":926,"caption":"Netzwerk Recherche"},"image":{"@id":"https:\/\/netzwerkrecherche.org\/nr25\/#\/schema\/logo\/image\/"}}]}},"_links":{"self":[{"href":"https:\/\/netzwerkrecherche.org\/nr25\/wp-json\/wp\/v2\/pages\/37766","targetHints":{"allow":["GET"]}}],"collection":[{"href":"https:\/\/netzwerkrecherche.org\/nr25\/wp-json\/wp\/v2\/pages"}],"about":[{"href":"https:\/\/netzwerkrecherche.org\/nr25\/wp-json\/wp\/v2\/types\/page"}],"author":[{"embeddable":true,"href":"https:\/\/netzwerkrecherche.org\/nr25\/wp-json\/wp\/v2\/users\/38"}],"replies":[{"embeddable":true,"href":"https:\/\/netzwerkrecherche.org\/nr25\/wp-json\/wp\/v2\/comments?post=37766"}],"version-history":[{"count":7,"href":"https:\/\/netzwerkrecherche.org\/nr25\/wp-json\/wp\/v2\/pages\/37766\/revisions"}],"predecessor-version":[{"id":38302,"href":"https:\/\/netzwerkrecherche.org\/nr25\/wp-json\/wp\/v2\/pages\/37766\/revisions\/38302"}],"wp:attachment":[{"href":"https:\/\/netzwerkrecherche.org\/nr25\/wp-json\/wp\/v2\/media?parent=37766"}],"curies":[{"name":"wp","href":"https:\/\/api.w.org\/{rel}","templated":true}]}}