{"id":25,"date":"2025-07-15T14:24:42","date_gmt":"2025-07-15T12:24:42","guid":{"rendered":"https:\/\/netzwerkrecherche.org\/nr26\/?page_id=25"},"modified":"2025-12-16T17:58:02","modified_gmt":"2025-12-16T16:58:02","slug":"hinfinden","status":"publish","type":"page","link":"https:\/\/netzwerkrecherche.org\/nr26\/hinfinden\/","title":{"rendered":"Hinfinden"},"content":{"rendered":"\n\n\t<p>Die Konferenz findet im Konferenzzentrum des NDR Fernsehens in Hamburg Lokstedt statt:<\/p>\nNDR Fernsehen<br \/>\nHugh-\u200bGreene-\u200bWeg 1<br \/>\n22529 Hamburg\n<h2>Ver\u00adg\u00fcns\u00adtigte DB Event-Ti\u00adckets<\/h2>\n<p>Mit verg\u00fcnstigten Bahntickets zur NR26 Jahreskonferenz nach Hamburg gelangen! F\u00fcr die Jahreskonferenz 2026 k\u00f6nnt ihr mit den Super Sparpreis Event, Sparpreis Event oder Flexpreis Event der Deutschen Bahn anreisen. Damit erhalten Teilnehmende der NR26 Erm\u00e4\u00dfigungen auf die regul\u00e4ren DB-Ticketpreise innerhalb Deutschlands. Eine Buchung ist \u00fcber diesen Link m\u00f6glich: <a href=\"https:\/\/nrch.de\/nr26bahn\"><strong>nrch.de\/nr26bahn<\/strong><\/a><\/p>\n<h2>Anreise mit den \u00f6ffentlichen Verkehrsmitteln<\/h2>\n<p>Leider k\u00f6nnen wir vor Ort keine Park\u00adpl\u00e4tze zur Ver\u00adf\u00fc\u00adgung stellen. Wir bitten darum, die \u00d6ffent\u00adli\u00adchen Ver\u00adkehrs\u00admittel zu nutzen.<\/p>\n<strong>Ab Haupt\u00adbahnhof:<\/strong><br \/>\nU2 Rich\u00adtung Nien\u00addorf bis Hagen\u00adbecks Tier\u00adpark (Fahr\u00adzeit: 15 Min.),<br \/>\nvon dort ca. 5 Geh\u00admi\u00adnuten zum Kon\u00adfe\u00adrenzort\n<strong>Ab Flug\u00adhafen:<\/strong><br \/>\nBus 392 Rich\u00adtung Teu\u00adfels\u00adbr\u00fcck bis Schil\u00adlings\u00adbe\u00adkweg (Fahr\u00adzeit: 33 Min.),<br \/>\nvon dort ca. 3 Geh\u00admi\u00adnuten zum Kon\u00adfe\u00adrenzort\n<p>Wei\u00adtere Routen:\u00a0<a href=\"http:\/\/www.hvv.de\/\">HVV-\u200bFahr\u00adplan\u00adaus\u00adkunft<\/a><\/p>\n<h2>\n\t\t\tLageplan NDR Fernsehen\t<\/h2>\n\t\t\t\t\t<img decoding=\"async\" loading=\"lazy\" src=\"https:\/\/netzwerkrecherche.org\/nr26\/wp-content\/uploads\/sites\/25\/2025\/12\/nr25-lageplan.jpg\" alt=\"\" title=\"<? echo $image_subtitle; ?\/>&#8220; srcset=&#8220;&#8220; width=&#8220;2740&#8243; height=&#8220;1034&#8243;\/>\n\t<p><a href=\"https:\/\/goo.gl\/maps\/qN1sb\" target=\"_blank\" rel=\"noreferrer noopener\">Lage bei Google Maps<\/a><\/p>\n<p>Das Gel\u00e4nde ist barrierefrei und auch mit Rollstuhl gut erreichbar. Der Zugang zu allen R\u00e4umlichkeiten ist ebenfalls barrierefrei.<\/p>\n\n","protected":false},"excerpt":{"rendered":"<p>Die Konferenz findet im Konferenzzentrum des NDR Fernsehens in Hamburg Lokstedt statt: NDR Fernsehen Hugh-\u200bGreene-\u200bWeg 1 22529 Hamburg Ver\u00adg\u00fcns\u00adtigte DB Event-Ti\u00adckets Mit verg\u00fcnstigten Bahntickets zur NR26 Jahreskonferenz nach Hamburg gelangen! F\u00fcr die Jahreskonferenz 2026 k\u00f6nnt ihr mit den Super Sparpreis Event, Sparpreis Event oder Flexpreis Event der Deutschen Bahn anreisen. Damit erhalten Teilnehmende der NR26 [&hellip;]<\/p>\n","protected":false},"author":43,"featured_media":38682,"parent":0,"menu_order":0,"comment_status":"closed","ping_status":"closed","template":"","meta":{"footnotes":""},"class_list":["post-25","page","type-page","status-publish","has-post-thumbnail","hentry"],"yoast_head":"<!-- This site is optimized with the Yoast SEO plugin v27.3 - https:\/\/yoast.com\/product\/yoast-seo-wordpress\/ -->\n<title>Hinfinden - NR26<\/title>\n<meta name=\"description\" content=\"Die NR26 findet im beim NDR Fernsehens in Hamburg statt. Hier findest Du Tipps zur Anreise nach Hamburg und zum Konferengel\u00e4nde.\" \/>\n<meta name=\"robots\" content=\"index, follow, max-snippet:-1, max-image-preview:large, max-video-preview:-1\" \/>\n<link rel=\"canonical\" href=\"https:\/\/netzwerkrecherche.org\/nr26\/hinfinden\/\" \/>\n<meta property=\"og:locale\" content=\"de_DE\" \/>\n<meta property=\"og:type\" content=\"article\" \/>\n<meta property=\"og:title\" content=\"Hinfinden - NR26\" \/>\n<meta property=\"og:description\" content=\"Die NR26 findet im beim NDR Fernsehens in Hamburg statt. Hier findest Du Tipps zur Anreise nach Hamburg und zum Konferengel\u00e4nde.\" \/>\n<meta property=\"og:url\" content=\"https:\/\/netzwerkrecherche.org\/nr26\/hinfinden\/\" \/>\n<meta property=\"og:site_name\" content=\"NR26\" \/>\n<meta property=\"article:modified_time\" content=\"2025-12-16T16:58:02+00:00\" \/>\n<meta property=\"og:image\" content=\"https:\/\/netzwerkrecherche.org\/nr26\/wp-content\/uploads\/sites\/25\/2025\/12\/NR26_1200x675.png\" \/>\n\t<meta property=\"og:image:width\" content=\"1200\" \/>\n\t<meta property=\"og:image:height\" content=\"675\" \/>\n\t<meta property=\"og:image:type\" content=\"image\/png\" \/>\n<meta name=\"twitter:card\" content=\"summary_large_image\" \/>\n<meta name=\"twitter:label1\" content=\"Gesch\u00e4tzte Lesezeit\" \/>\n\t<meta name=\"twitter:data1\" content=\"1\u00a0Minute\" \/>\n<script type=\"application\/ld+json\" class=\"yoast-schema-graph\">{\"@context\":\"https:\\\/\\\/schema.org\",\"@graph\":[{\"@type\":\"WebPage\",\"@id\":\"https:\\\/\\\/netzwerkrecherche.org\\\/nr26\\\/hinfinden\\\/\",\"url\":\"https:\\\/\\\/netzwerkrecherche.org\\\/nr26\\\/hinfinden\\\/\",\"name\":\"Hinfinden - NR26\",\"isPartOf\":{\"@id\":\"https:\\\/\\\/netzwerkrecherche.org\\\/nr26\\\/#website\"},\"primaryImageOfPage\":{\"@id\":\"https:\\\/\\\/netzwerkrecherche.org\\\/nr26\\\/hinfinden\\\/#primaryimage\"},\"image\":{\"@id\":\"https:\\\/\\\/netzwerkrecherche.org\\\/nr26\\\/hinfinden\\\/#primaryimage\"},\"thumbnailUrl\":\"https:\\\/\\\/netzwerkrecherche.org\\\/nr26\\\/wp-content\\\/uploads\\\/sites\\\/25\\\/2025\\\/12\\\/NR26_1200x675.png\",\"datePublished\":\"2025-07-15T12:24:42+00:00\",\"dateModified\":\"2025-12-16T16:58:02+00:00\",\"description\":\"Die NR26 findet im beim NDR Fernsehens in Hamburg statt. Hier findest Du Tipps zur Anreise nach Hamburg und zum Konferengel\u00e4nde.\",\"breadcrumb\":{\"@id\":\"https:\\\/\\\/netzwerkrecherche.org\\\/nr26\\\/hinfinden\\\/#breadcrumb\"},\"inLanguage\":\"de\",\"potentialAction\":[{\"@type\":\"ReadAction\",\"target\":[\"https:\\\/\\\/netzwerkrecherche.org\\\/nr26\\\/hinfinden\\\/\"]}]},{\"@type\":\"ImageObject\",\"inLanguage\":\"de\",\"@id\":\"https:\\\/\\\/netzwerkrecherche.org\\\/nr26\\\/hinfinden\\\/#primaryimage\",\"url\":\"https:\\\/\\\/netzwerkrecherche.org\\\/nr26\\\/wp-content\\\/uploads\\\/sites\\\/25\\\/2025\\\/12\\\/NR26_1200x675.png\",\"contentUrl\":\"https:\\\/\\\/netzwerkrecherche.org\\\/nr26\\\/wp-content\\\/uploads\\\/sites\\\/25\\\/2025\\\/12\\\/NR26_1200x675.png\",\"width\":1200,\"height\":675},{\"@type\":\"BreadcrumbList\",\"@id\":\"https:\\\/\\\/netzwerkrecherche.org\\\/nr26\\\/hinfinden\\\/#breadcrumb\",\"itemListElement\":[{\"@type\":\"ListItem\",\"position\":1,\"name\":\"Startseite\",\"item\":\"https:\\\/\\\/netzwerkrecherche.org\\\/nr26\\\/\"},{\"@type\":\"ListItem\",\"position\":2,\"name\":\"Hinfinden\"}]},{\"@type\":\"WebSite\",\"@id\":\"https:\\\/\\\/netzwerkrecherche.org\\\/nr26\\\/#website\",\"url\":\"https:\\\/\\\/netzwerkrecherche.org\\\/nr26\\\/\",\"name\":\"NR26\",\"description\":\"Netzwerk Recherche Jahreskonferenz 2026\",\"publisher\":{\"@id\":\"https:\\\/\\\/netzwerkrecherche.org\\\/nr26\\\/#organization\"},\"potentialAction\":[{\"@type\":\"SearchAction\",\"target\":{\"@type\":\"EntryPoint\",\"urlTemplate\":\"https:\\\/\\\/netzwerkrecherche.org\\\/nr26\\\/?s={search_term_string}\"},\"query-input\":{\"@type\":\"PropertyValueSpecification\",\"valueRequired\":true,\"valueName\":\"search_term_string\"}}],\"inLanguage\":\"de\"},{\"@type\":\"Organization\",\"@id\":\"https:\\\/\\\/netzwerkrecherche.org\\\/nr26\\\/#organization\",\"name\":\"Netzwerk Recherche\",\"url\":\"https:\\\/\\\/netzwerkrecherche.org\\\/nr26\\\/\",\"logo\":{\"@type\":\"ImageObject\",\"inLanguage\":\"de\",\"@id\":\"https:\\\/\\\/netzwerkrecherche.org\\\/nr26\\\/#\\\/schema\\\/logo\\\/image\\\/\",\"url\":\"https:\\\/\\\/netzwerkrecherche.org\\\/nr26\\\/wp-content\\\/uploads\\\/sites\\\/25\\\/2025\\\/08\\\/NR-Logo.png\",\"contentUrl\":\"https:\\\/\\\/netzwerkrecherche.org\\\/nr26\\\/wp-content\\\/uploads\\\/sites\\\/25\\\/2025\\\/08\\\/NR-Logo.png\",\"width\":2084,\"height\":926,\"caption\":\"Netzwerk Recherche\"},\"image\":{\"@id\":\"https:\\\/\\\/netzwerkrecherche.org\\\/nr26\\\/#\\\/schema\\\/logo\\\/image\\\/\"}}]}<\/script>\n<!-- \/ Yoast SEO plugin. -->","yoast_head_json":{"title":"Hinfinden - NR26","description":"Die NR26 findet im beim NDR Fernsehens in Hamburg statt. Hier findest Du Tipps zur Anreise nach Hamburg und zum Konferengel\u00e4nde.","robots":{"index":"index","follow":"follow","max-snippet":"max-snippet:-1","max-image-preview":"max-image-preview:large","max-video-preview":"max-video-preview:-1"},"canonical":"https:\/\/netzwerkrecherche.org\/nr26\/hinfinden\/","og_locale":"de_DE","og_type":"article","og_title":"Hinfinden - NR26","og_description":"Die NR26 findet im beim NDR Fernsehens in Hamburg statt. Hier findest Du Tipps zur Anreise nach Hamburg und zum Konferengel\u00e4nde.","og_url":"https:\/\/netzwerkrecherche.org\/nr26\/hinfinden\/","og_site_name":"NR26","article_modified_time":"2025-12-16T16:58:02+00:00","og_image":[{"width":1200,"height":675,"url":"https:\/\/netzwerkrecherche.org\/nr26\/wp-content\/uploads\/sites\/25\/2025\/12\/NR26_1200x675.png","type":"image\/png"}],"twitter_card":"summary_large_image","twitter_misc":{"Gesch\u00e4tzte Lesezeit":"1\u00a0Minute"},"schema":{"@context":"https:\/\/schema.org","@graph":[{"@type":"WebPage","@id":"https:\/\/netzwerkrecherche.org\/nr26\/hinfinden\/","url":"https:\/\/netzwerkrecherche.org\/nr26\/hinfinden\/","name":"Hinfinden - NR26","isPartOf":{"@id":"https:\/\/netzwerkrecherche.org\/nr26\/#website"},"primaryImageOfPage":{"@id":"https:\/\/netzwerkrecherche.org\/nr26\/hinfinden\/#primaryimage"},"image":{"@id":"https:\/\/netzwerkrecherche.org\/nr26\/hinfinden\/#primaryimage"},"thumbnailUrl":"https:\/\/netzwerkrecherche.org\/nr26\/wp-content\/uploads\/sites\/25\/2025\/12\/NR26_1200x675.png","datePublished":"2025-07-15T12:24:42+00:00","dateModified":"2025-12-16T16:58:02+00:00","description":"Die NR26 findet im beim NDR Fernsehens in Hamburg statt. Hier findest Du Tipps zur Anreise nach Hamburg und zum Konferengel\u00e4nde.","breadcrumb":{"@id":"https:\/\/netzwerkrecherche.org\/nr26\/hinfinden\/#breadcrumb"},"inLanguage":"de","potentialAction":[{"@type":"ReadAction","target":["https:\/\/netzwerkrecherche.org\/nr26\/hinfinden\/"]}]},{"@type":"ImageObject","inLanguage":"de","@id":"https:\/\/netzwerkrecherche.org\/nr26\/hinfinden\/#primaryimage","url":"https:\/\/netzwerkrecherche.org\/nr26\/wp-content\/uploads\/sites\/25\/2025\/12\/NR26_1200x675.png","contentUrl":"https:\/\/netzwerkrecherche.org\/nr26\/wp-content\/uploads\/sites\/25\/2025\/12\/NR26_1200x675.png","width":1200,"height":675},{"@type":"BreadcrumbList","@id":"https:\/\/netzwerkrecherche.org\/nr26\/hinfinden\/#breadcrumb","itemListElement":[{"@type":"ListItem","position":1,"name":"Startseite","item":"https:\/\/netzwerkrecherche.org\/nr26\/"},{"@type":"ListItem","position":2,"name":"Hinfinden"}]},{"@type":"WebSite","@id":"https:\/\/netzwerkrecherche.org\/nr26\/#website","url":"https:\/\/netzwerkrecherche.org\/nr26\/","name":"NR26","description":"Netzwerk Recherche Jahreskonferenz 2026","publisher":{"@id":"https:\/\/netzwerkrecherche.org\/nr26\/#organization"},"potentialAction":[{"@type":"SearchAction","target":{"@type":"EntryPoint","urlTemplate":"https:\/\/netzwerkrecherche.org\/nr26\/?s={search_term_string}"},"query-input":{"@type":"PropertyValueSpecification","valueRequired":true,"valueName":"search_term_string"}}],"inLanguage":"de"},{"@type":"Organization","@id":"https:\/\/netzwerkrecherche.org\/nr26\/#organization","name":"Netzwerk Recherche","url":"https:\/\/netzwerkrecherche.org\/nr26\/","logo":{"@type":"ImageObject","inLanguage":"de","@id":"https:\/\/netzwerkrecherche.org\/nr26\/#\/schema\/logo\/image\/","url":"https:\/\/netzwerkrecherche.org\/nr26\/wp-content\/uploads\/sites\/25\/2025\/08\/NR-Logo.png","contentUrl":"https:\/\/netzwerkrecherche.org\/nr26\/wp-content\/uploads\/sites\/25\/2025\/08\/NR-Logo.png","width":2084,"height":926,"caption":"Netzwerk Recherche"},"image":{"@id":"https:\/\/netzwerkrecherche.org\/nr26\/#\/schema\/logo\/image\/"}}]}},"_links":{"self":[{"href":"https:\/\/netzwerkrecherche.org\/nr26\/wp-json\/wp\/v2\/pages\/25","targetHints":{"allow":["GET"]}}],"collection":[{"href":"https:\/\/netzwerkrecherche.org\/nr26\/wp-json\/wp\/v2\/pages"}],"about":[{"href":"https:\/\/netzwerkrecherche.org\/nr26\/wp-json\/wp\/v2\/types\/page"}],"author":[{"embeddable":true,"href":"https:\/\/netzwerkrecherche.org\/nr26\/wp-json\/wp\/v2\/users\/43"}],"replies":[{"embeddable":true,"href":"https:\/\/netzwerkrecherche.org\/nr26\/wp-json\/wp\/v2\/comments?post=25"}],"version-history":[{"count":11,"href":"https:\/\/netzwerkrecherche.org\/nr26\/wp-json\/wp\/v2\/pages\/25\/revisions"}],"predecessor-version":[{"id":38738,"href":"https:\/\/netzwerkrecherche.org\/nr26\/wp-json\/wp\/v2\/pages\/25\/revisions\/38738"}],"wp:featuredmedia":[{"embeddable":true,"href":"https:\/\/netzwerkrecherche.org\/nr26\/wp-json\/wp\/v2\/media\/38682"}],"wp:attachment":[{"href":"https:\/\/netzwerkrecherche.org\/nr26\/wp-json\/wp\/v2\/media?parent=25"}],"curies":[{"name":"wp","href":"https:\/\/api.w.org\/{rel}","templated":true}]}}