{"id":38833,"date":"2026-02-11T17:02:22","date_gmt":"2026-02-11T16:02:22","guid":{"rendered":"https:\/\/netzwerkrecherche.org\/nr26\/?page_id=38833"},"modified":"2026-02-11T17:18:09","modified_gmt":"2026-02-11T16:18:09","slug":"finanzierung","status":"publish","type":"page","link":"https:\/\/netzwerkrecherche.org\/nr26\/finanzierung\/","title":{"rendered":"Finanzierung unserer Jahreskonferenz"},"content":{"rendered":"\n<p>Unsere Jahreskonferenz ist f\u00fcr viele von Euch ein fester Termin in der Jahresplanung. Mit mehr als 800 Teilnehmenden ist sie die gr\u00f6\u00dfte Journalismus-Konferenz in Deutschland. Eine Tagung, bei der Recherche-Methoden ebenso wie die gro\u00dfen Fragen unserer Branche besprochen werden. In diesem Jahr erwartet Euch eine besondere Jahreskonferenz, denn unser Verein feiert 2026 seinen 25. Geburtstag. Wir blicken zur\u00fcck auf gro\u00dfe Recherchen und wagen einen zuversichtlichen Blick in die Zukunft des Journalismus.&nbsp;<\/p>\n\n\n\n<p>So sehr wir uns auf die Tage mit Euch in Hamburg freuen, geh\u00f6rt doch auch zur Wahrheit, dass die Jahreskonferenz ein enormer Kraftakt f\u00fcr uns ist. Das gilt zum einen f\u00fcr alle, die bei der Organisation mit anpacken. Das sind etwa 30 ehrenamtlich Engagierte aus dem Vorstand von Netzwerk Recherche und dem gesamten Verein, 75 Helping Hands vor Ort, \u00fcber 200 Speaker, die Mitarbeitenden im NDR und das kleine hauptamtliche Team der Gesch\u00e4ftsstelle, wo alle F\u00e4den zusammenlaufen. Wir arbeiten ohne Event-Agentur, da wir den Charakter der Jahreskonferenz als Tagung \u201evon Journalist:innen f\u00fcr Journalist:innen\u201c erhalten m\u00f6chten.&nbsp;<\/p>\n\n\n\n<h2 class=\"wp-block-heading\">Was uns die Jahreskonferenz kostet<\/h2>\n\n\n\n<p>Die Jahreskonferenz ist zudem ein finanzieller Kraftakt. Was viele von Euch wahrscheinlich nicht wissen: Die Veranstaltung ist f\u00fcr uns ein Minusgesch\u00e4ft. Trotz der gro\u00dfartigen Unterst\u00fctzung <a href=\"https:\/\/netzwerkrecherche.org\/nr26\/foerderer-und-partner\/\" type=\"page\" id=\"38791\">unserer langj\u00e4hrigen Partner und der zahlreichen Sponsoren<\/a> schie\u00dft Netzwerk Recherche jedes Jahr einen f\u00fcnfstelligen Betrag aus der Vereinskasse hinzu. Nur so schaffen wir es, die Ticketpreise im Vergleich zu anderen Konferenzen relativ niedrig zu halten, damit die Teilnahme m\u00f6glichst nicht am Geld scheitert.<\/p>\n\n\n\n<p>In Zahlen: Die Konferenz kostet uns rund 200.000 Euro pro Jahr. Einnahmen durch Tickets machen nicht einmal die H\u00e4lfte davon wett. Wir schreiben das nicht, um zu jammern (\u201eAlles ist teurer geworden!\u201c), sondern wir m\u00f6chten Euch gegen\u00fcber transparent machen, warum wir in den vergangenen Jahren die Ticketpreise moderat erh\u00f6hen mussten. In diesem Jahr haben wir uns entschieden, die Preise nicht zu erh\u00f6hen. Was allerdings einige von Euch bereits gemerkt haben: Wir m\u00fcssen bei der Erstattung der Fahrtkosten unserer Referent:innen und der Anzahl der von uns bezahlten Hotel-\u00dcbernachtungen in Hamburg genauer hinschauen. Diese Positionen machen einen wesentlichen Teil unserer Kosten aus. Wir m\u00f6chten dieses Angebot an unsere Referent:innen gleichwohl beibehalten, da die Jahreskonferenz sonst zu einer Veranstaltung wird, die man sich leisten k\u00f6nnen muss. So wie Pommesbude und Currywurst zur Jahreskonferenz geh\u00f6ren, m\u00f6chten wir auch den Charakter des Treffens erhalten, bei dem sich alle Teilnehmenden auf Augenh\u00f6he begegnen, unkompliziert miteinander ins Gespr\u00e4ch kommen und voneinander lernen k\u00f6nnen.<\/p>\n\n\n\n<h2 class=\"wp-block-heading\">Wie Ihr unterst\u00fctzen k\u00f6nnt<\/h2>\n\n\n\n<p>Deshalb haben wir eine Bitte: Wenn es m\u00f6glich ist, fragt bitte Euren Arbeitgeber, ob er bereit ist, ein Business-Ticket f\u00fcr Euch zu kaufen. Die Jahreskonferenz bietet zwei Tage intensive Fortbildung und Vernetzung, die sich auch f\u00fcr die Medienh\u00e4user lohnen. Ihr k\u00f6nnt die Teilnahme an der Jahreskonferenz zum Beispiel als berufliche Weiterbildungsma\u00dfnahme beantragen.<\/p>\n\n\n\n<p>Weil die <a href=\"https:\/\/netzwerkrecherche.org\/nr26\/tickets\/\" type=\"page\" id=\"38827\">Tickets<\/a> erfahrungsgem\u00e4\u00df schnell weg sind, gibt es f\u00fcr Medienh\u00e4user und andere Organisationen auch die M\u00f6glichkeit, als Sponsor aufzutreten. Damit w\u00fcrde Eure Redaktion oder Eure Institution nicht nur unsere Arbeit unterst\u00fctzen und zum Gelingen der gesamten Jahreskonferenz beitragen, sondern sich auch Tickets sichern. Mehr Infos dazu findet Ihr <a href=\"https:\/\/netzwerkrecherche.org\/nr26\/mediadaten\/\" type=\"page\" id=\"38744\">hier<\/a>.<\/p>\n\n\n\n<p>Wir hoffen auf Euer Verst\u00e4ndnis und blicken voller Vorfreude auf die gemeinsamen Tage in Hamburg!<\/p>\n","protected":false},"excerpt":{"rendered":"<p>Unsere Jahreskonferenz ist f\u00fcr viele von Euch ein fester Termin in der Jahresplanung. Mit mehr als 800 Teilnehmenden ist sie die gr\u00f6\u00dfte Journalismus-Konferenz in Deutschland. Eine Tagung, bei der Recherche-Methoden ebenso wie die gro\u00dfen Fragen unserer Branche besprochen werden. In diesem Jahr erwartet Euch eine besondere Jahreskonferenz, denn unser Verein feiert 2026 seinen 25. Geburtstag. [&hellip;]<\/p>\n","protected":false},"author":38,"featured_media":0,"parent":0,"menu_order":0,"comment_status":"closed","ping_status":"closed","template":"","meta":{"footnotes":""},"class_list":["post-38833","page","type-page","status-publish","hentry"],"yoast_head":"<!-- This site is optimized with the Yoast SEO plugin v27.3 - https:\/\/yoast.com\/product\/yoast-seo-wordpress\/ -->\n<title>Finanzierung unserer Jahreskonferenz - NR26<\/title>\n<meta name=\"description\" content=\"Transparenz zur Jahreskonferenz 2026: Infos zur Finanzierung und warum Business-Tickets unsere Arbeit unterst\u00fctzen.\" \/>\n<meta name=\"robots\" content=\"index, follow, max-snippet:-1, max-image-preview:large, max-video-preview:-1\" \/>\n<link rel=\"canonical\" href=\"https:\/\/netzwerkrecherche.org\/nr26\/finanzierung\/\" \/>\n<meta property=\"og:locale\" content=\"de_DE\" \/>\n<meta property=\"og:type\" content=\"article\" \/>\n<meta property=\"og:title\" content=\"Finanzierung unserer Jahreskonferenz - NR26\" \/>\n<meta property=\"og:description\" content=\"Transparenz zur Jahreskonferenz 2026: Infos zur Finanzierung und warum Business-Tickets unsere Arbeit unterst\u00fctzen.\" \/>\n<meta property=\"og:url\" content=\"https:\/\/netzwerkrecherche.org\/nr26\/finanzierung\/\" \/>\n<meta property=\"og:site_name\" content=\"NR26\" \/>\n<meta property=\"article:modified_time\" content=\"2026-02-11T16:18:09+00:00\" \/>\n<meta name=\"twitter:card\" content=\"summary_large_image\" \/>\n<meta name=\"twitter:label1\" content=\"Gesch\u00e4tzte Lesezeit\" \/>\n\t<meta name=\"twitter:data1\" content=\"3\u00a0Minuten\" \/>\n<script type=\"application\/ld+json\" class=\"yoast-schema-graph\">{\"@context\":\"https:\\\/\\\/schema.org\",\"@graph\":[{\"@type\":\"WebPage\",\"@id\":\"https:\\\/\\\/netzwerkrecherche.org\\\/nr26\\\/finanzierung\\\/\",\"url\":\"https:\\\/\\\/netzwerkrecherche.org\\\/nr26\\\/finanzierung\\\/\",\"name\":\"Finanzierung unserer Jahreskonferenz - NR26\",\"isPartOf\":{\"@id\":\"https:\\\/\\\/netzwerkrecherche.org\\\/nr26\\\/#website\"},\"datePublished\":\"2026-02-11T16:02:22+00:00\",\"dateModified\":\"2026-02-11T16:18:09+00:00\",\"description\":\"Transparenz zur Jahreskonferenz 2026: Infos zur Finanzierung und warum Business-Tickets unsere Arbeit unterst\u00fctzen.\",\"breadcrumb\":{\"@id\":\"https:\\\/\\\/netzwerkrecherche.org\\\/nr26\\\/finanzierung\\\/#breadcrumb\"},\"inLanguage\":\"de\",\"potentialAction\":[{\"@type\":\"ReadAction\",\"target\":[\"https:\\\/\\\/netzwerkrecherche.org\\\/nr26\\\/finanzierung\\\/\"]}]},{\"@type\":\"BreadcrumbList\",\"@id\":\"https:\\\/\\\/netzwerkrecherche.org\\\/nr26\\\/finanzierung\\\/#breadcrumb\",\"itemListElement\":[{\"@type\":\"ListItem\",\"position\":1,\"name\":\"Startseite\",\"item\":\"https:\\\/\\\/netzwerkrecherche.org\\\/nr26\\\/\"},{\"@type\":\"ListItem\",\"position\":2,\"name\":\"Finanzierung unserer Jahreskonferenz\"}]},{\"@type\":\"WebSite\",\"@id\":\"https:\\\/\\\/netzwerkrecherche.org\\\/nr26\\\/#website\",\"url\":\"https:\\\/\\\/netzwerkrecherche.org\\\/nr26\\\/\",\"name\":\"NR26\",\"description\":\"Netzwerk Recherche Jahreskonferenz 2026\",\"publisher\":{\"@id\":\"https:\\\/\\\/netzwerkrecherche.org\\\/nr26\\\/#organization\"},\"potentialAction\":[{\"@type\":\"SearchAction\",\"target\":{\"@type\":\"EntryPoint\",\"urlTemplate\":\"https:\\\/\\\/netzwerkrecherche.org\\\/nr26\\\/?s={search_term_string}\"},\"query-input\":{\"@type\":\"PropertyValueSpecification\",\"valueRequired\":true,\"valueName\":\"search_term_string\"}}],\"inLanguage\":\"de\"},{\"@type\":\"Organization\",\"@id\":\"https:\\\/\\\/netzwerkrecherche.org\\\/nr26\\\/#organization\",\"name\":\"Netzwerk Recherche\",\"url\":\"https:\\\/\\\/netzwerkrecherche.org\\\/nr26\\\/\",\"logo\":{\"@type\":\"ImageObject\",\"inLanguage\":\"de\",\"@id\":\"https:\\\/\\\/netzwerkrecherche.org\\\/nr26\\\/#\\\/schema\\\/logo\\\/image\\\/\",\"url\":\"https:\\\/\\\/netzwerkrecherche.org\\\/nr26\\\/wp-content\\\/uploads\\\/sites\\\/25\\\/2025\\\/08\\\/NR-Logo.png\",\"contentUrl\":\"https:\\\/\\\/netzwerkrecherche.org\\\/nr26\\\/wp-content\\\/uploads\\\/sites\\\/25\\\/2025\\\/08\\\/NR-Logo.png\",\"width\":2084,\"height\":926,\"caption\":\"Netzwerk Recherche\"},\"image\":{\"@id\":\"https:\\\/\\\/netzwerkrecherche.org\\\/nr26\\\/#\\\/schema\\\/logo\\\/image\\\/\"}}]}<\/script>\n<!-- \/ Yoast SEO plugin. -->","yoast_head_json":{"title":"Finanzierung unserer Jahreskonferenz - NR26","description":"Transparenz zur Jahreskonferenz 2026: Infos zur Finanzierung und warum Business-Tickets unsere Arbeit unterst\u00fctzen.","robots":{"index":"index","follow":"follow","max-snippet":"max-snippet:-1","max-image-preview":"max-image-preview:large","max-video-preview":"max-video-preview:-1"},"canonical":"https:\/\/netzwerkrecherche.org\/nr26\/finanzierung\/","og_locale":"de_DE","og_type":"article","og_title":"Finanzierung unserer Jahreskonferenz - NR26","og_description":"Transparenz zur Jahreskonferenz 2026: Infos zur Finanzierung und warum Business-Tickets unsere Arbeit unterst\u00fctzen.","og_url":"https:\/\/netzwerkrecherche.org\/nr26\/finanzierung\/","og_site_name":"NR26","article_modified_time":"2026-02-11T16:18:09+00:00","twitter_card":"summary_large_image","twitter_misc":{"Gesch\u00e4tzte Lesezeit":"3\u00a0Minuten"},"schema":{"@context":"https:\/\/schema.org","@graph":[{"@type":"WebPage","@id":"https:\/\/netzwerkrecherche.org\/nr26\/finanzierung\/","url":"https:\/\/netzwerkrecherche.org\/nr26\/finanzierung\/","name":"Finanzierung unserer Jahreskonferenz - NR26","isPartOf":{"@id":"https:\/\/netzwerkrecherche.org\/nr26\/#website"},"datePublished":"2026-02-11T16:02:22+00:00","dateModified":"2026-02-11T16:18:09+00:00","description":"Transparenz zur Jahreskonferenz 2026: Infos zur Finanzierung und warum Business-Tickets unsere Arbeit unterst\u00fctzen.","breadcrumb":{"@id":"https:\/\/netzwerkrecherche.org\/nr26\/finanzierung\/#breadcrumb"},"inLanguage":"de","potentialAction":[{"@type":"ReadAction","target":["https:\/\/netzwerkrecherche.org\/nr26\/finanzierung\/"]}]},{"@type":"BreadcrumbList","@id":"https:\/\/netzwerkrecherche.org\/nr26\/finanzierung\/#breadcrumb","itemListElement":[{"@type":"ListItem","position":1,"name":"Startseite","item":"https:\/\/netzwerkrecherche.org\/nr26\/"},{"@type":"ListItem","position":2,"name":"Finanzierung unserer Jahreskonferenz"}]},{"@type":"WebSite","@id":"https:\/\/netzwerkrecherche.org\/nr26\/#website","url":"https:\/\/netzwerkrecherche.org\/nr26\/","name":"NR26","description":"Netzwerk Recherche Jahreskonferenz 2026","publisher":{"@id":"https:\/\/netzwerkrecherche.org\/nr26\/#organization"},"potentialAction":[{"@type":"SearchAction","target":{"@type":"EntryPoint","urlTemplate":"https:\/\/netzwerkrecherche.org\/nr26\/?s={search_term_string}"},"query-input":{"@type":"PropertyValueSpecification","valueRequired":true,"valueName":"search_term_string"}}],"inLanguage":"de"},{"@type":"Organization","@id":"https:\/\/netzwerkrecherche.org\/nr26\/#organization","name":"Netzwerk Recherche","url":"https:\/\/netzwerkrecherche.org\/nr26\/","logo":{"@type":"ImageObject","inLanguage":"de","@id":"https:\/\/netzwerkrecherche.org\/nr26\/#\/schema\/logo\/image\/","url":"https:\/\/netzwerkrecherche.org\/nr26\/wp-content\/uploads\/sites\/25\/2025\/08\/NR-Logo.png","contentUrl":"https:\/\/netzwerkrecherche.org\/nr26\/wp-content\/uploads\/sites\/25\/2025\/08\/NR-Logo.png","width":2084,"height":926,"caption":"Netzwerk Recherche"},"image":{"@id":"https:\/\/netzwerkrecherche.org\/nr26\/#\/schema\/logo\/image\/"}}]}},"_links":{"self":[{"href":"https:\/\/netzwerkrecherche.org\/nr26\/wp-json\/wp\/v2\/pages\/38833","targetHints":{"allow":["GET"]}}],"collection":[{"href":"https:\/\/netzwerkrecherche.org\/nr26\/wp-json\/wp\/v2\/pages"}],"about":[{"href":"https:\/\/netzwerkrecherche.org\/nr26\/wp-json\/wp\/v2\/types\/page"}],"author":[{"embeddable":true,"href":"https:\/\/netzwerkrecherche.org\/nr26\/wp-json\/wp\/v2\/users\/38"}],"replies":[{"embeddable":true,"href":"https:\/\/netzwerkrecherche.org\/nr26\/wp-json\/wp\/v2\/comments?post=38833"}],"version-history":[{"count":6,"href":"https:\/\/netzwerkrecherche.org\/nr26\/wp-json\/wp\/v2\/pages\/38833\/revisions"}],"predecessor-version":[{"id":38840,"href":"https:\/\/netzwerkrecherche.org\/nr26\/wp-json\/wp\/v2\/pages\/38833\/revisions\/38840"}],"wp:attachment":[{"href":"https:\/\/netzwerkrecherche.org\/nr26\/wp-json\/wp\/v2\/media?parent=38833"}],"curies":[{"name":"wp","href":"https:\/\/api.w.org\/{rel}","templated":true}]}}